000
CDUS45 KLKN 210927
CLIEKO


CLIMATE REPORT
NATIONAL WEATHER SERVICE ELKO NV
227 AM PDT SAT APR 21 2018


...................................

...THE ELKO AIRPORT NV CLIMATE SUMMARY FOR APRIL 20 2018...

CLIMATE NORMAL PERIOD 1981 TO 2010
CLIMATE RECORD PERIOD 1888 TO 2018


WEATHER ITEM   OBSERVED TIME   RECORD YEAR NORMAL DEPARTURE LAST
                VALUE   (LST)  VALUE       VALUE  FROM      YEAR
                                                  NORMAL
..................................................................
TEMPERATURE (F)
 YESTERDAY
  MAXIMUM         65    439 PM  82    1994  61      4       54
                                      1915
  MINIMUM         34    425 AM  12    1966  32      2       33
  AVERAGE         50                        46      4       44

PRECIPITATION (IN)
  YESTERDAY        0.00          0.50 1898   0.03  -0.03      T
  MONTH TO DATE    0.93                      0.64   0.29     0.99
  SINCE OCT 1      5.60                      6.66  -1.06    11.96
  SINCE JAN 1      3.90                      3.60   0.30     6.33

SNOWFALL (IN)
  YESTERDAY        0.0           1.6  1963   0.0    0.0      0.0
  MONTH TO DATE    0.5                       2.5   -2.0       T
  SINCE MAR 1     14.3                       7.6    6.7      1.9
  SINCE JUL 1     28.2                      40.1  -11.9     53.3
  SNOW DEPTH       0

DEGREE DAYS
 HEATING
  YESTERDAY       15                        19     -4       21
  MONTH TO DATE  393                       420    -27      388
  SINCE MAR 1   1261                      1229     32     1023
  SINCE JUL 1   5903                      6397   -494     5759

 COOLING
  YESTERDAY        0                         0      0        0
  MONTH TO DATE    0                         0      0        0
  SINCE MAR 1      0                         0      0        0
  SINCE JAN 1      0                         0      0        0
..................................................................


WIND (MPH)
  HIGHEST WIND SPEED    22   HIGHEST WIND DIRECTION    NW (310)
  HIGHEST GUST SPEED    32   HIGHEST GUST DIRECTION     W (290)
  AVERAGE WIND SPEED     8.8



WEATHER CONDITIONS
 THE FOLLOWING WEATHER WAS RECORDED YESTERDAY.
  NO SIGNIFICANT WEATHER WAS OBSERVED.


RELATIVE HUMIDITY (PERCENT)
 HIGHEST    70           300 AM
 LOWEST     16           200 PM
 AVERAGE    43

..........................................................


THE ELKO AIRPORT NV CLIMATE NORMALS FOR TODAY
                         NORMAL    RECORD    YEAR
 MAXIMUM TEMPERATURE (F)   61        82      2012
 MINIMUM TEMPERATURE (F)   32        12      2008


SUNRISE AND SUNSET
APRIL 21 2018.........SUNRISE   555 AM PDT   SUNSET   729 PM PDT
APRIL 22 2018.........SUNRISE   554 AM PDT   SUNSET   730 PM PDT


-  INDICATES NEGATIVE NUMBERS.
R  INDICATES RECORD WAS SET OR TIED.
MM INDICATES DATA IS MISSING.
T  INDICATES TRACE AMOUNT.




$$
