000
CDUS44 KEPZ 220932
CLIELP


CLIMATE REPORT
NATIONAL WEATHER SERVICE EL PASO, TX
331 AM MDT TUE MAY 22 2018


...................................

...THE EL PASO CLIMATE SUMMARY FOR MAY 21 2018...

CLIMATE NORMAL PERIOD 1981 TO 2010
CLIMATE RECORD PERIOD 1879 TO 2018


WEATHER ITEM   OBSERVED TIME   RECORD YEAR NORMAL DEPARTURE LAST
                VALUE   (LST)  VALUE       VALUE  FROM      YEAR
                                                  NORMAL
..................................................................
TEMPERATURE (F)
 YESTERDAY
  MAXIMUM         93    254 PM 101    2005  89      4       91
  MINIMUM         66    539 AM  42    1974  62      4       63
  AVERAGE         80                        75      5       77

PRECIPITATION (IN)
  YESTERDAY        0.41          2.04 1895   0.02   0.39     0.00
  MONTH TO DATE    0.41                      0.30   0.11      T
  SINCE MAR 1      0.62                      0.79  -0.17     0.14
  SINCE JAN 1      1.39                      1.65  -0.26     1.35

SNOWFALL (IN)
  YESTERDAY        0.0                                       0.0
  MONTH TO DATE    0.0                                       0.0
  SINCE MAR 1      0.0                                       0.0
  SINCE JUL 1      0.1                                        T
  SNOW DEPTH       0

DEGREE DAYS
 HEATING
  YESTERDAY        0                         0      0        0
  MONTH TO DATE    0                         6     -6        2
  SINCE MAR 1    148                       368   -220      108
  SINCE JUL 1   1643                      2471   -828     1577

 COOLING
  YESTERDAY       15                        11      4       12
  MONTH TO DATE  282                       164    118      172
  SINCE MAR 1    503                       256    247      411
  SINCE JAN 1    503                       256    247      414
..................................................................


WIND (MPH)
  HIGHEST WIND SPEED    38   HIGHEST WIND DIRECTION     S (180)
  HIGHEST GUST SPEED    46   HIGHEST GUST DIRECTION     S (180)
  AVERAGE WIND SPEED     9.8


SKY COVER
  POSSIBLE SUNSHINE  MM
  AVERAGE SKY COVER 0.3


WEATHER CONDITIONS
 THE FOLLOWING WEATHER WAS RECORDED YESTERDAY.
  THUNDERSTORM
  RAIN
  LIGHT RAIN
  HAIL
  HAZE


RELATIVE HUMIDITY (PERCENT)
 HIGHEST    68           400 AM
 LOWEST     19           300 PM
 AVERAGE    44

..........................................................


THE EL PASO CLIMATE NORMALS FOR TODAY
                         NORMAL    RECORD    YEAR
 MAXIMUM TEMPERATURE (F)   90       105      2005
 MINIMUM TEMPERATURE (F)   62        43      1977


SUNRISE AND SUNSET
MAY 22 2018...........SUNRISE   605 AM MDT   SUNSET   800 PM MDT
MAY 23 2018...........SUNRISE   604 AM MDT   SUNSET   801 PM MDT


-  INDICATES NEGATIVE NUMBERS.
R  INDICATES RECORD WAS SET OR TIED.
MM INDICATES DATA IS MISSING.
T  INDICATES TRACE AMOUNT.




$$
