000
CDUS46 KPQR 201149
CLIEUG


CLIMATE REPORT
NATIONAL WEATHER SERVICE PORTLAND OREGON
449 AM PDT FRI APR 20 2018


...................................

...THE EUGENE OR CLIMATE SUMMARY FOR APRIL 19 2018...

CLIMATE NORMAL PERIOD 1981 TO 2010
CLIMATE RECORD PERIOD 1892 TO 2018


WEATHER ITEM   OBSERVED TIME   RECORD YEAR NORMAL DEPARTURE LAST
                VALUE   (LST)  VALUE       VALUE  FROM      YEAR
                                                  NORMAL
..................................................................
TEMPERATURE (F)
 YESTERDAY
  MAXIMUM         64    525 PM  85    1934  61      3       59
  MINIMUM         33    509 AM  28    1972  40     -7       45
  AVERAGE         49                        50     -1       52

PRECIPITATION (IN)
  YESTERDAY        0.00          1.02 1925   0.11  -0.11     0.16
  MONTH TO DATE    3.01                      2.28   0.73     2.17
  SINCE OCT 1     28.29                     38.37 -10.08    40.96
  SINCE JAN 1     14.28                     19.57  -5.29    21.37

SNOWFALL (IN)
  YESTERDAY        0.0
  MONTH TO DATE    0.0
  SINCE MAR 1      T
  SINCE JUL 1      2.0

DEGREE DAYS
 HEATING
  YESTERDAY       16                        15      1       13
  MONTH TO DATE  314                       297     17      293
  SINCE MAR 1    973                       866    107      817
  SINCE JUL 1   4296                      4193    103     4018

 COOLING
  YESTERDAY        0                         0      0        0
  MONTH TO DATE    0                         0      0        0
  SINCE MAR 1      0                         0      0        0
  SINCE JAN 1      0                         0      0        0
..................................................................


WIND (MPH)
  HIGHEST WIND SPEED    13   HIGHEST WIND DIRECTION     N (10)
  HIGHEST GUST SPEED    17   HIGHEST GUST DIRECTION     N (350)
  AVERAGE WIND SPEED     4.2


SKY COVER
  POSSIBLE SUNSHINE  MM
  AVERAGE SKY COVER 0.3


WEATHER CONDITIONS
 THE FOLLOWING WEATHER WAS RECORDED YESTERDAY.
  FOG
  FOG W/VISIBILITY <= 1/4 MILE


RELATIVE HUMIDITY (PERCENT)
 HIGHEST   100          1200 AM
 LOWEST     43           300 PM
 AVERAGE    72

..........................................................


THE EUGENE OR CLIMATE NORMALS FOR TODAY
                         NORMAL    RECORD    YEAR
 MAXIMUM TEMPERATURE (F)   62        87      1934
 MINIMUM TEMPERATURE (F)   40        27      1927


SUNRISE AND SUNSET
APRIL 20 2018.........SUNRISE   621 AM PDT   SUNSET   803 PM PDT
APRIL 21 2018.........SUNRISE   619 AM PDT   SUNSET   804 PM PDT


-  INDICATES NEGATIVE NUMBERS.
R  INDICATES RECORD WAS SET OR TIED.
MM INDICATES DATA IS MISSING.
T  INDICATES TRACE AMOUNT.




$$
