000
CDUS43 KPAH 220630
CLIEVV


CLIMATE REPORT
NATIONAL WEATHER SERVICE PADUCAH KY
128 AM CDT TUE MAY 22 2018


...................................

...THE EVANSVILLE IN CLIMATE SUMMARY FOR MAY 21 2018...

CLIMATE NORMAL PERIOD 1981 TO 2010
CLIMATE RECORD PERIOD 1896 TO 2018


WEATHER ITEM   OBSERVED TIME   RECORD YEAR NORMAL DEPARTURE LAST
                VALUE   (LST)  VALUE       VALUE  FROM      YEAR
                                                  NORMAL
..................................................................
TEMPERATURE (F)
 YESTERDAY
  MAXIMUM         83   1256 PM  94    1987  78      5       79
  MINIMUM         68   1159 PM  40    2002  56     12       60
                                      1954
  AVERAGE         76                        67      9       70

PRECIPITATION (IN)
  YESTERDAY        0.05          1.73 1983   0.18  -0.13     0.01
  MONTH TO DATE    1.64                      3.66  -2.02     3.03
  SINCE MAR 1     10.62                     12.27  -1.65    16.77
  SINCE JAN 1     22.83                     18.54   4.29    20.04

SNOWFALL (IN)
  YESTERDAY        0.0           T    1950   0.0    0.0      0.0
  MONTH TO DATE    0.0                       0.0    0.0      0.0
  SINCE MAR 1      4.1                       1.1    3.0      1.0
  SINCE JUL 1     12.1                      11.8    0.3      1.4
  SNOW DEPTH       0

DEGREE DAYS
 HEATING
  YESTERDAY        0                         2     -2        0
  MONTH TO DATE    2                        72    -70       68
  SINCE MAR 1   1091                       953    138      688
  SINCE JUL 1   4477                      4527    -50     3387

 COOLING
  YESTERDAY       11                         4      7        5
  MONTH TO DATE  161                        55    106      109
  SINCE MAR 1    169                        82     87      170
  SINCE JAN 1    176                        82     94      170
..................................................................


WIND (MPH)
  HIGHEST WIND SPEED    13   HIGHEST WIND DIRECTION    SW (240)
  HIGHEST GUST SPEED    16   HIGHEST GUST DIRECTION     W (250)
  AVERAGE WIND SPEED     3.6


SKY COVER
  AVERAGE SKY COVER 0.2


WEATHER CONDITIONS
 THE FOLLOWING WEATHER WAS RECORDED YESTERDAY.
  THUNDERSTORM
  LIGHT RAIN
  FOG


RELATIVE HUMIDITY (PERCENT)
 HIGHEST   100
 LOWEST     63
 AVERAGE    82

..........................................................


THE EVANSVILLE IN CLIMATE NORMALS FOR TODAY
                         NORMAL    RECORD    YEAR
 MAXIMUM TEMPERATURE (F)   79        93      1975
 MINIMUM TEMPERATURE (F)   56        38      1963


SUNRISE AND SUNSET
MAY 22 2018...........SUNRISE   534 AM CDT   SUNSET   800 PM CDT
MAY 23 2018...........SUNRISE   534 AM CDT   SUNSET   801 PM CDT


-  INDICATES NEGATIVE NUMBERS.
R  INDICATES RECORD WAS SET OR TIED.
MM INDICATES DATA IS MISSING.
T  INDICATES TRACE AMOUNT.




$$
