000
CDUS45 KSLC 200025
CLIEVW


CLIMATE REPORT
NATIONAL WEATHER SERVICE SALT LAKE CITY UT
625 PM MDT THU APR 19 2018


...................................

...THE EVANSTON WY CLIMATE SUMMARY FOR APRIL 19 2018...
VALID TODAY AS OF 0500 PM LOCAL TIME.

CLIMATE NORMAL PERIOD 1981 TO 2010
CLIMATE RECORD PERIOD 9999 TO 9999


WEATHER ITEM   OBSERVED TIME   RECORD YEAR NORMAL DEPARTURE LAST
                VALUE   (LST)  VALUE       VALUE  FROM      YEAR
                                                  NORMAL
..................................................................
TEMPERATURE (F)
 TODAY
  MAXIMUM         59    227 PM  MM      MM  51      8       50
  MINIMUM         34    641 AM  MM      MM  30      4       31
  AVERAGE         47                        40      7       41

PRECIPITATION (IN)
  TODAY            0.00         MM      MM   0.04  -0.04    MM
  MONTH TO DATE    T                         0.69  -0.69     0.31
  SINCE OCT 1      2.18                      5.49  -3.31     4.92
  SINCE JAN 1      0.64                      2.70  -2.06     3.34

DEGREE DAYS
 HEATING
  TODAY           18                        25     -7       24
  MONTH TO DATE  495                       518    -23      466
  SINCE MAR 1   1444                      1578   -134     1324
  SINCE JUL 1   6610                      7586   -976     6901

 COOLING
  TODAY            0                         0      0        0
  MONTH TO DATE    0                         0      0        0
  SINCE MAR 1      0                         0      0        0
  SINCE JAN 1      0                         0      0        0
..................................................................


WIND (MPH)
  RESULTANT WIND SPEED  10   RESULTANT WIND DIRECTION   E (100)
  HIGHEST WIND SPEED    20   HIGHEST WIND DIRECTION    SW (210)
  HIGHEST GUST SPEED    25   HIGHEST GUST DIRECTION    SW (210)
  AVERAGE WIND SPEED    12.5


SKY COVER
  POSSIBLE SUNSHINE  MM
  AVERAGE SKY COVER 0.2


WEATHER CONDITIONS
 THE FOLLOWING WEATHER WAS RECORDED TODAY.
  NO SIGNIFICANT WEATHER WAS OBSERVED.


RELATIVE HUMIDITY (PERCENT)
 HIGHEST    38           100 AM
 LOWEST     10           300 PM
 AVERAGE    24

..........................................................


THE EVANSTON WY CLIMATE NORMALS FOR TOMORROW
                         NORMAL    RECORD    YEAR
 MAXIMUM TEMPERATURE (F)   51        MM        MM
 MINIMUM TEMPERATURE (F)   30        MM        MM


SUNRISE AND SUNSET
APRIL 19 2018.........SUNRISE   638 AM MDT   SUNSET   809 PM MDT
APRIL 20 2018.........SUNRISE   637 AM MDT   SUNSET   810 PM MDT


-  INDICATES NEGATIVE NUMBERS.
R  INDICATES RECORD WAS SET OR TIED.
MM INDICATES DATA IS MISSING.
T  INDICATES TRACE AMOUNT.




$$
