000
CDUS43 KIND 270540
CLIEYE


CLIMATE REPORT
NATIONAL WEATHER SERVICE INDIANAPOLIS IN
140 AM EDT FRI APR 27 2018


...................................

...THE INDIANAPOLIS EAGLE CREEK IN CLIMATE SUMMARY FOR APRIL 26 2018...

CLIMATE NORMAL PERIOD 1981 TO 2010
CLIMATE RECORD PERIOD 9999 TO 9999


WEATHER ITEM   OBSERVED TIME   NORMAL DEPARTURE LAST
                VALUE   (LST)  VALUE  FROM      YEAR
                                      NORMAL
......................................................
TEMPERATURE (F)
 YESTERDAY
  MAXIMUM         66    542 PM  66      0       84
  MINIMUM         37    631 AM  47    -10       62
  AVERAGE         52            56     -4       73

PRECIPITATION (IN)
  YESTERDAY        0.00          0.16  -0.16      T
  MONTH TO DATE    3.92          3.18   0.74     1.47
  SINCE MAR 1      7.32          6.48   0.84     5.92
  SINCE JAN 1     13.33         10.82   2.51    11.08

DEGREE DAYS
 HEATING
  YESTERDAY       13             9      4        0
  MONTH TO DATE  483           336    147      180
  SINCE MAR 1   1280          1036    244      828
  SINCE JUL 1   5164          5161      3     4088

 COOLING
  YESTERDAY        0             1     -1        8
  MONTH TO DATE    7            16     -9       30
  SINCE MAR 1      7            17    -10       32
  SINCE JAN 1     13            17     -4       32
......................................................


WIND (MPH)
  HIGHEST WIND SPEED    10   HIGHEST WIND DIRECTION     N (340)
  HIGHEST GUST SPEED    12   HIGHEST GUST DIRECTION    NW (320)
  AVERAGE WIND SPEED     4.7


SKY COVER
  AVERAGE SKY COVER 0.0


WEATHER CONDITIONS
 THE FOLLOWING WEATHER WAS RECORDED YESTERDAY.
  NO SIGNIFICANT WEATHER WAS OBSERVED.


RELATIVE HUMIDITY (PERCENT)
 HIGHEST    70           500 AM
 LOWEST     30           600 PM
 AVERAGE    50

..........................................................


THE INDIANAPOLIS EAGLE CREEK IN CLIMATE NORMALS FOR TODAY
                         NORMAL
 MAXIMUM TEMPERATURE (F)   67
 MINIMUM TEMPERATURE (F)   47


SUNRISE AND SUNSET
APRIL 27 2018.........SUNRISE   651 AM EDT   SUNSET   836 PM EDT
APRIL 28 2018.........SUNRISE   649 AM EDT   SUNSET   837 PM EDT


-  INDICATES NEGATIVE NUMBERS.
R  INDICATES RECORD WAS SET OR TIED.
MM INDICATES DATA IS MISSING.
T  INDICATES TRACE AMOUNT.




$$
