675
CDUS42 KKEY 190542
CLIEYW


CLIMATE REPORT
NATIONAL WEATHER SERVICE KEY WEST, FL
140 AM EDT THU APR 19 2018


...................................

...THE KEY WEST CLIMATE SUMMARY FOR APRIL 18 2018...

CLIMATE NORMAL PERIOD 1981 TO 2010
CLIMATE RECORD PERIOD 1871 TO 2018


WEATHER ITEM   OBSERVED TIME   RECORD YEAR NORMAL DEPARTURE LAST
               VALUE    (LST)  VALUE       VALUE  FROM      YEAR
                                                  NORMAL
..................................................................
TEMPERATURE (F)
 YESTERDAY
  MAXIMUM         81    352 PM  88    1953  82     -1       79
  MINIMUM         68    617 AM  60    2007  72     -4       73
  AVERAGE         75                        77     -2       76

PRECIPITATION (IN)
  YESTERDAY        0.00          1.37 1899   0.08  -0.08     0.30
  MONTH TO DATE    0.17                      1.25  -1.08     2.57
  SINCE MAR 1      2.29                      3.30  -1.01     3.50
  SINCE JAN 1      3.53                      6.83  -3.30     6.55

SNOWFALL (IN)
  YESTERDAY        0.0
  MONTH TO DATE    0.0
  SINCE MAR 1      0.0
  SINCE JUL 1      0.0
  SNOW DEPTH       0

DEGREE DAYS
 HEATING
  YESTERDAY        0                         0      0        0
  MONTH TO DATE    0                         0      0        0
  SINCE MAR 1      2                         7     -5        0
  SINCE JUL 1     44                        73    -29        5

 COOLING
  YESTERDAY       10                        12     -2       11
  MONTH TO DATE  238                       193     45      224
  SINCE MAR 1    470                       455     15      530
  SINCE JAN 1    923                       803    120     1070
..................................................................


WIND (MPH)
  HIGHEST WIND SPEED    20   HIGHEST WIND DIRECTION     E (100)
  HIGHEST GUST SPEED    24   HIGHEST GUST DIRECTION     E (100)
  AVERAGE WIND SPEED     9.7


SKY COVER
  POSSIBLE SUNSHINE  MM
  AVERAGE SKY COVER 0.1


WEATHER CONDITIONS
 THE FOLLOWING WEATHER WAS RECORDED YESTERDAY.
  NO SIGNIFICANT WEATHER WAS OBSERVED.


RELATIVE HUMIDITY (PERCENT)
 HIGHEST    76
 LOWEST     54
 AVERAGE    65

..........................................................


THE KEY WEST CLIMATE NORMALS FOR TODAY
                         NORMAL    RECORD    YEAR
 MAXIMUM TEMPERATURE (F)   82        89      1934
 MINIMUM TEMPERATURE (F)   72        60      1997


SUNRISE AND SUNSET
APRIL 19 2018.........SUNRISE   702 AM EDT   SUNSET   751 PM EDT
APRIL 20 2018.........SUNRISE   701 AM EDT   SUNSET   751 PM EDT


-  INDICATES NEGATIVE NUMBERS.
R  INDICATES RECORD WAS SET OR TIED.
MM INDICATES DATA IS MISSING.
T  INDICATES TRACE AMOUNT.


$$
