000
CDUS45 KFGZ 210743
CLIFLG


CLIMATE REPORT
NATIONAL WEATHER SERVICE FLAGSTAFF, AZ
1243 AM MST MON MAY 21 2018


...................................

...THE FLAGSTAFF AZ AIRPORT CLIMATE SUMMARY FOR MAY 20 2018...

CLIMATE NORMAL PERIOD 1981 TO 2010
CLIMATE RECORD PERIOD 1898 TO 2018


WEATHER ITEM   OBSERVED TIME   RECORD YEAR NORMAL DEPARTURE LAST
                VALUE   (LST)  VALUE       VALUE  FROM      YEAR
                                                  NORMAL
..................................................................
TEMPERATURE (F)
 YESTERDAY
  MAXIMUM         70    351 PM  84    2008  69      1       66
  MINIMUM         34    535 AM  18    1899  36     -2       27
  AVERAGE         52                        53     -1

PRECIPITATION (IN)
  YESTERDAY        0.00          0.95 1900   0.03  -0.03     0.00
  MONTH TO DATE    0.62                      0.41   0.21     0.79
  SINCE SEP 1      6.12                     15.56  -9.44    18.25
  SINCE JAN 1      5.69                      7.89  -2.20     9.64

SNOWFALL (IN)
  YESTERDAY        0.0           0.4  1975   0.0    0.0      0.0
  MONTH TO DATE    0.6                       0.6    0.0      1.2
  SINCE JUL 1     38.0                     101.6  -63.6     96.7
  SNOW DEPTH       0

DEGREE DAYS
 HEATING
  YESTERDAY       13                        12      1       18
  MONTH TO DATE  264                       296    -32      337
  SINCE JUL 1   5749                      6652   -903     6120

 COOLING
  YESTERDAY        0                         0      0        0
  MONTH TO DATE    0                         0      0        0
  SINCE JAN 1      0                         0      0        0
..................................................................


WIND (MPH)
  HIGHEST WIND SPEED    24   HIGHEST WIND DIRECTION    SW (220)
  HIGHEST GUST SPEED    33   HIGHEST GUST DIRECTION     S (200)
  AVERAGE WIND SPEED     7.0


SKY COVER
  POSSIBLE SUNSHINE  MM
  AVERAGE SKY COVER 0.0


WEATHER CONDITIONS
 THE FOLLOWING WEATHER WAS RECORDED YESTERDAY.
  NO SIGNIFICANT WEATHER WAS OBSERVED.


RELATIVE HUMIDITY (PERCENT)
 HIGHEST    47           500 AM
 LOWEST     12           400 PM
 AVERAGE    30

..........................................................


THE FLAGSTAFF AZ AIRPORT CLIMATE NORMALS FOR TODAY
                         NORMAL    RECORD    YEAR
 MAXIMUM TEMPERATURE (F)   70        82      2005
 MINIMUM TEMPERATURE (F)   36        21      1974


SUNRISE AND SUNSET
MAY 21 2018...........SUNRISE   519 AM MST   SUNSET   728 PM MST
MAY 22 2018...........SUNRISE   518 AM MST   SUNSET   729 PM MST


-  INDICATES NEGATIVE NUMBERS.
R  INDICATES RECORD WAS SET OR TIED.
MM INDICATES DATA IS MISSING.
T  INDICATES TRACE AMOUNT.




$$
