000
CDUS44 KTSA 212144
CLIFYV

CLIMATE REPORT
NATIONAL WEATHER SERVICE TULSA OK
417 PM CDT SAT APR 21 2018


...................................

...THE FAYETTEVILLE ARKANSAS CLIMATE SUMMARY FOR APRIL 21 2018...
VALID TODAY AS OF 0400 PM LOCAL TIME.

CLIMATE NORMAL PERIOD 1981 TO 2010
CLIMATE RECORD PERIOD 1905 TO 2018


WEATHER ITEM   OBSERVED TIME   RECORD YEAR NORMAL DEPARTURE LAST
                VALUE   (LST)  VALUE       VALUE  FROM      YEAR
                                                  NORMAL
..................................................................
TEMPERATURE (F)
 TODAY
  MAXIMUM         68   1150 AM  87    1963  71     -3       63
  MINIMUM         44    342 AM  29    1966  46     -2       52
  AVERAGE         56                        58     -2       58

PRECIPITATION (IN)
  TODAY            0.01                      0.16  -0.15     2.74
  MONTH TO DATE    0.41                      3.05  -2.64     4.53
  SINCE MAR 1      5.81                      7.00  -1.19    10.48
  SINCE JAN 1     15.43                     12.65   2.78    13.98

SNOWFALL (IN)
  TODAY           MM                                         0.0
  MONTH TO DATE    T                                         0.0
  SINCE MAR 1      T                                         0.2
  SINCE JUL 1      0.4                                       1.0

DEGREE DAYS
 HEATING
  TODAY            9                         8      1        7
  MONTH TO DATE  331                       213    118       91
  SINCE MAR 1    799                       739     60      478
  SINCE JUL 1   3928                      4042   -114     3049

 COOLING
  TODAY            0                         1     -1        0
  MONTH TO DATE    8                        18    -10       15
  SINCE MAR 1      8                        22    -14       28
  SINCE JAN 1     11                        22    -11       33
..................................................................


WIND (MPH)
  HIGHEST WIND SPEED    20   HIGHEST WIND DIRECTION     S (170)
  HIGHEST GUST SPEED    26   HIGHEST GUST DIRECTION     S (180)
  AVERAGE WIND SPEED     7.2


SKY COVER
  POSSIBLE SUNSHINE  MM
  AVERAGE SKY COVER 0.1


WEATHER CONDITIONS
 THE FOLLOWING WEATHER WAS RECORDED TODAY.
  LIGHT RAIN


RELATIVE HUMIDITY (PERCENT)
 HIGHEST    54           300 AM
 LOWEST     38          1200 AM
 AVERAGE    46

..........................................................


THE FAYETTEVILLE ARKANSAS CLIMATE NORMALS FOR TOMORROW
                         NORMAL    RECORD    YEAR
 MAXIMUM TEMPERATURE (F)   71        88      1955
 MINIMUM TEMPERATURE (F)   47        29      1982


SUNRISE AND SUNSET
APRIL 21 2018.........SUNRISE   636 AM CDT   SUNSET   755 PM CDT
APRIL 22 2018.........SUNRISE   635 AM CDT   SUNSET   756 PM CDT


-  INDICATES NEGATIVE NUMBERS.
R  INDICATES RECORD WAS SET OR TIED.
MM INDICATES DATA IS MISSING.
T  INDICATES TRACE AMOUNT.




$$
