000
CDUS43 KUNR 210832
CLIGCC


CLIMATE REPORT
NATIONAL WEATHER SERVICE RAPID CITY SD
231 AM MDT SAT APR 21 2018


...................................

...THE GILLETTE AIRPORT WY CLIMATE SUMMARY FOR APRIL 20 2018...

CLIMATE NORMAL PERIOD 1981 TO 2010
CLIMATE RECORD PERIOD 9999 TO 9999


WEATHER ITEM   OBSERVED TIME   NORMAL DEPARTURE LAST
                VALUE   (LST)  VALUE  FROM      YEAR
                                      NORMAL
......................................................
TEMPERATURE (F)
 YESTERDAY
  MAXIMUM         52    143 PM  57     -5       60
  MINIMUM         38   1159 PM  31      7       34
  AVERAGE         45            44      1       47

PRECIPITATION (IN)
  YESTERDAY        0.00          0.06  -0.06     0.00
  MONTH TO DATE    0.70          0.80  -0.10     1.83
  SINCE MAR 1      2.56          1.76   0.80     2.62
  SINCE JAN 1      4.35          2.54   1.81     3.46

DEGREE DAYS
 HEATING
  YESTERDAY       20            21     -1       18
  MONTH TO DATE  551           478     73      405
  SINCE MAR 1   1455          1417     38     1110
  SINCE JUL 1   6939          6825    114     5867

 COOLING
  YESTERDAY        0             0      0        0
  MONTH TO DATE    0             0      0        0
  SINCE MAR 1      0             0      0        0
  SINCE JAN 1      0             0      0        0
......................................................


WIND (MPH)
  HIGHEST WIND SPEED    22   HIGHEST WIND DIRECTION    SE (130)
  HIGHEST GUST SPEED    29   HIGHEST GUST DIRECTION    SE (140)
  AVERAGE WIND SPEED    12.5


SKY COVER
  AVERAGE SKY COVER 0.5


WEATHER CONDITIONS
 THE FOLLOWING WEATHER WAS RECORDED YESTERDAY.
  NO SIGNIFICANT WEATHER WAS OBSERVED.


RELATIVE HUMIDITY (PERCENT)
 HIGHEST    85           800 PM
 LOWEST     44           100 PM
 AVERAGE    65

..........................................................




SUNRISE AND SUNSET
APRIL 21 2018.........SUNRISE   608 AM MDT   SUNSET   754 PM MDT
APRIL 22 2018.........SUNRISE   607 AM MDT   SUNSET   755 PM MDT


-  INDICATES NEGATIVE NUMBERS.
R  INDICATES RECORD WAS SET OR TIED.
MM INDICATES DATA IS MISSING.
T  INDICATES TRACE AMOUNT.




$$
