000
CDUS45 KRIW 230755
CLIGEY


CLIMATE REPORT
NATIONAL WEATHER SERVICE RIVERTON WY
154 AM MDT MON APR 23 2018


...................................

...THE GREYBULL WY CLIMATE SUMMARY FOR APRIL 22 2018...

CLIMATE NORMAL PERIOD 1981 TO 2010
CLIMATE RECORD PERIOD 1998 TO 2018


WEATHER ITEM   OBSERVED TIME   RECORD YEAR NORMAL DEPARTURE LAST
                VALUE   (LST)  VALUE       VALUE  FROM      YEAR
                                                  NORMAL
..................................................................
TEMPERATURE (F)
 YESTERDAY
  MAXIMUM         72    555 PM  84    2016  63      9       57
  MINIMUM         39    447 AM  19    2008  34      5       37
  AVERAGE         56                        48      8       47

PRECIPITATION (IN)
  YESTERDAY        0.00          0.04 2003   0.03  -0.03     0.00
  MONTH TO DATE    0.42                      0.47  -0.05     0.42
  SINCE MAR 1      0.75                      0.87  -0.12     0.72
  SINCE JAN 1      1.02                      1.28  -0.26     0.93

DEGREE DAYS
 HEATING
  YESTERDAY        9                        17     -8       18
  MONTH TO DATE  492                       436     56      372
  SINCE MAR 1   1368                      1307     61     1016
  SINCE JUL 1   7555                      7278    277     7057

 COOLING
  YESTERDAY        0                         0      0        0
  MONTH TO DATE    0                         0      0        0
  SINCE MAR 1      0                         0      0        0
  SINCE JAN 1      0                         0      0        0
..................................................................


WIND (MPH)
  HIGHEST WIND SPEED    20   HIGHEST WIND DIRECTION    NW (300)
  HIGHEST GUST SPEED    26   HIGHEST GUST DIRECTION    NW (300)
  AVERAGE WIND SPEED     6.1


SKY COVER
  POSSIBLE SUNSHINE  MM
  AVERAGE SKY COVER 0.0


WEATHER CONDITIONS
 THE FOLLOWING WEATHER WAS RECORDED YESTERDAY.
  NO SIGNIFICANT WEATHER WAS OBSERVED.


RELATIVE HUMIDITY (PERCENT)
 HIGHEST    79           500 AM
 LOWEST     20           500 PM
 AVERAGE    50

..........................................................


THE GREYBULL WY CLIMATE NORMALS FOR TODAY
                         NORMAL    RECORD    YEAR
 MAXIMUM TEMPERATURE (F)   63        88      2012
 MINIMUM TEMPERATURE (F)   35        14      2013


SUNRISE AND SUNSET
APRIL 23 2018.........SUNRISE   615 AM MDT   SUNSET   807 PM MDT
APRIL 24 2018.........SUNRISE   613 AM MDT   SUNSET   808 PM MDT


-  INDICATES NEGATIVE NUMBERS.
R  INDICATES RECORD WAS SET OR TIED.
MM INDICATES DATA IS MISSING.
T  INDICATES TRACE AMOUNT.




$$
