550
CDUS43 KFGF 240657
CLIGFK


CLIMATE REPORT
NATIONAL WEATHER SERVICE EASTERN NORTH DAKOTA/GRAND FORKS
157 AM CDT TUE APR 24 2018


...................................

...THE GRAND FORKS INTL AP ND CLIMATE SUMMARY FOR APRIL 23 2018...

CLIMATE NORMAL PERIOD 1981 TO 2010
CLIMATE RECORD PERIOD 1948 TO 2018


WEATHER ITEM   OBSERVED TIME   RECORD YEAR NORMAL DEPARTURE LAST
                VALUE   (LST)  VALUE       VALUE  FROM      YEAR
                                                  NORMAL
..................................................................
TEMPERATURE (F)
 YESTERDAY
  MAXIMUM         63    421 PM  90    1990  59      4       36
  MINIMUM         35    457 AM  18    2015  33      2       31
  AVERAGE         49                        46      3       34

PRECIPITATION (IN)
  YESTERDAY        0.00          0.68 2014   0.03  -0.03     0.06
  MONTH TO DATE    0.15                      0.68  -0.53     0.72
  SINCE MAR 1      2.00                      1.64   0.36     1.57
  SINCE JAN 1      2.93                      2.71   0.22     2.42

SNOWFALL (IN)
  YESTERDAY        0.0           1.0  1972   0.1   -0.1      0.9
  MONTH TO DATE    3.0                       2.3    0.7      0.9
  SINCE MAR 1     16.9                       9.5    7.4      1.1
  SINCE JUL 1     52.4                      46.7    5.7     39.4
  SNOW DEPTH       0

DEGREE DAYS
 HEATING
  YESTERDAY       16                        19     -3       31
  MONTH TO DATE  832                       573    259      447
  SINCE MAR 1   2084                      1808    276     1602
  SINCE JUL 1   9074                      8958    116     7571

 COOLING
  YESTERDAY        0                         0      0        0
  MONTH TO DATE    0                         0      0        0
  SINCE MAR 1      0                         0      0        0
  SINCE JAN 1      0                         0      0        0
..................................................................


WIND (MPH)
  HIGHEST WIND SPEED    16   HIGHEST WIND DIRECTION     N (340)
  HIGHEST GUST SPEED    23   HIGHEST GUST DIRECTION     N (20)
  AVERAGE WIND SPEED     8.3


SKY COVER
  POSSIBLE SUNSHINE  MM
  AVERAGE SKY COVER 0.4


WEATHER CONDITIONS
 THE FOLLOWING WEATHER WAS RECORDED YESTERDAY.
  NO SIGNIFICANT WEATHER WAS OBSERVED.


RELATIVE HUMIDITY (PERCENT)
 HIGHEST   100           400 AM
 LOWEST     36           400 PM
 AVERAGE    68

..........................................................


THE GRAND FORKS INTL AP ND CLIMATE NORMALS FOR TODAY
                         NORMAL    RECORD    YEAR
 MAXIMUM TEMPERATURE (F)   59        85      1990
 MINIMUM TEMPERATURE (F)   33        24      2005


SUNRISE AND SUNSET
APRIL 24 2018.........SUNRISE   623 AM CDT   SUNSET   832 PM CDT
APRIL 25 2018.........SUNRISE   621 AM CDT   SUNSET   833 PM CDT


-  INDICATES NEGATIVE NUMBERS.
R  INDICATES RECORD WAS SET OR TIED.
MM INDICATES DATA IS MISSING.
T  INDICATES TRACE AMOUNT.




$$
