398
CDUS44 KSHV 252145
CLIGGG


CLIMATE REPORT
NATIONAL WEATHER SERVICE SHREVEPORT, LA
440 PM CDT FRI MAY 25 2018


...................................

...THE LONGVIEW CLIMATE SUMMARY FOR MAY 25 2018...
VALID TODAY AS OF 0400 PM LOCAL TIME.

CLIMATE NORMAL PERIOD 1981 TO 2010
CLIMATE RECORD PERIOD 1902 TO 2018


WEATHER ITEM   OBSERVED TIME   RECORD YEAR NORMAL DEPARTURE LAST
                VALUE   (LST)  VALUE       VALUE  FROM      YEAR
                                                  NORMAL
..................................................................
TEMPERATURE (F)
 TODAY
  MAXIMUM         92    202 PM  99    1937  86      6       88
  MINIMUM         70    553 AM  50    1967  65      5       55
  AVERAGE         81                        75      6       72

PRECIPITATION (IN)
  TODAY            0.00          1.63 1907   0.16  -0.16     0.00
  MONTH TO DATE    0.63                      3.82  -3.19     3.94
  SINCE DEC 1     29.18                     23.24   5.94    25.74
  SINCE JAN 1     23.85                     18.75   5.10    20.94

DEGREE DAYS
 HEATING
  TODAY            0                         0      0        0
  MONTH TO DATE    0                         8     -8        7
  SINCE MAR 1    283                       353    -70      190
  SINCE JUL 1   2077                      2257   -180     1291

 COOLING
  TODAY           16                        10      6        7
  MONTH TO DATE  309                       190    119      148
  SINCE MAR 1    419                       301    118      386
  SINCE JAN 1    455                       313    142      457
..................................................................


WIND (MPH)
  HIGHEST WIND SPEED    31   HIGHEST WIND DIRECTION     W (290)
  HIGHEST GUST SPEED    41   HIGHEST GUST DIRECTION    NW (300)
  AVERAGE WIND SPEED     6.0


SKY COVER
  POSSIBLE SUNSHINE  MM
  AVERAGE SKY COVER 0.2


WEATHER CONDITIONS
 THE FOLLOWING WEATHER WAS RECORDED TODAY.
  NO SIGNIFICANT WEATHER WAS OBSERVED.


RELATIVE HUMIDITY (PERCENT)
 HIGHEST   100           500 AM
 LOWEST     44           200 PM
 AVERAGE    72

..........................................................


THE LONGVIEW CLIMATE NORMALS FOR TOMORROW
                         NORMAL    RECORD    YEAR
 MAXIMUM TEMPERATURE (F)   86        98      1942
 MINIMUM TEMPERATURE (F)   65        50      1930


SUNRISE AND SUNSET
MAY 25 2018...........SUNRISE   615 AM CDT   SUNSET   817 PM CDT
MAY 26 2018...........SUNRISE   615 AM CDT   SUNSET   817 PM CDT


-  INDICATES NEGATIVE NUMBERS.
R  INDICATES RECORD WAS SET OR TIED.
MM INDICATES DATA IS MISSING.
T  INDICATES TRACE AMOUNT.




$$
