804
CDUS45 KGGW 200745
CLIGGW


CLIMATE REPORT
NATIONAL WEATHER SERVICE GLASGOW MT
145 AM MDT SUN MAY 20 2018


...................................

...THE GLASGOW MT CLIMATE SUMMARY FOR MAY 19 2018...

CLIMATE NORMAL PERIOD 1981 TO 2010
CLIMATE RECORD PERIOD 1893 TO 2018


WEATHER ITEM   OBSERVED TIME   RECORD YEAR NORMAL DEPARTURE LAST
                VALUE   (LST)  VALUE       VALUE  FROM      YEAR
                                                  NORMAL
..................................................................
TEMPERATURE (F)
 YESTERDAY
  MAXIMUM         64    302 PM  94    1992  69     -5       65
  MINIMUM         43    510 AM  26    1968  43      0       36
  AVERAGE         54                        56     -2       51

PRECIPITATION (IN)
  YESTERDAY        0.00          1.00 1903   0.07  -0.07     0.00
  MONTH TO DATE    0.77                      1.02  -0.25     0.47
  SINCE OCT 1      5.38                      4.47   0.91     6.03
  SINCE JAN 1      3.58                      2.92   0.66     2.50

SNOWFALL (IN)
  YESTERDAY        0.0           0.0  2002   0.1   -0.1      0.0
                                      2000
  MONTH TO DATE    0.0                       1.0   -1.0      0.0
  SINCE MAR 1     25.3                       7.6   17.7      6.2
  SINCE JUL 1     63.4                      34.6   28.8     37.7
  SNOW DEPTH       0

DEGREE DAYS
 HEATING
  YESTERDAY       11                         9      2       14
  MONTH TO DATE  118                       231   -113      187
  SINCE MAR 1   2139                      1868    271     1724
  SINCE JUL 1   9005                      8238    767     7831

 COOLING
  YESTERDAY        0                         0      0        0
  MONTH TO DATE   14                         0     14       15
  SINCE MAR 1     14                         1     13       15
  SINCE JAN 1     14                         1     13       15
..................................................................


WIND (MPH)
  HIGHEST WIND SPEED    23   HIGHEST WIND DIRECTION    SE (130)
  HIGHEST GUST SPEED    29   HIGHEST GUST DIRECTION    SE (130)
  AVERAGE WIND SPEED    10.1


SKY COVER
  POSSIBLE SUNSHINE  MM
  AVERAGE SKY COVER 0.1


WEATHER CONDITIONS
 THE FOLLOWING WEATHER WAS RECORDED YESTERDAY.
  NO SIGNIFICANT WEATHER WAS OBSERVED.


RELATIVE HUMIDITY (PERCENT)
 HIGHEST    92          1200 AM
 LOWEST     30           400 PM
 AVERAGE    61

..........................................................


THE GLASGOW MT CLIMATE NORMALS FOR TODAY
                         NORMAL    RECORD    YEAR
 MAXIMUM TEMPERATURE (F)   69        98      1919
 MINIMUM TEMPERATURE (F)   44        28      1931


SUNRISE AND SUNSET
MAY 20 2018...........SUNRISE   521 AM MDT   SUNSET   846 PM MDT
MAY 21 2018...........SUNRISE   520 AM MDT   SUNSET   847 PM MDT


-  INDICATES NEGATIVE NUMBERS.
R  INDICATES RECORD WAS SET OR TIED.
MM INDICATES DATA IS MISSING.
T  INDICATES TRACE AMOUNT.




$$
