000
CDUS44 KJAN 240655
CLIGLH


CLIMATE REPORT
NATIONAL WEATHER SERVICE JACKSON MS
153 AM CDT TUE APR 24 2018


...................................

...THE GREENVILLE CLIMATE SUMMARY FOR APRIL 23 2018...

CLIMATE NORMAL PERIOD 1981 TO 2010
CLIMATE RECORD PERIOD 1903 TO 2018


WEATHER ITEM   OBSERVED TIME   RECORD YEAR NORMAL DEPARTURE LAST
                VALUE   (LST)  VALUE       VALUE  FROM      YEAR
                                                  NORMAL
..................................................................
TEMPERATURE (F)
 YESTERDAY
  MAXIMUM         64   1155 AM  90    1925  77    -13       66
  MINIMUM         53    629 AM  39    1931  55     -2       51
  AVERAGE         59                        66     -7       59

PRECIPITATION (IN)
  YESTERDAY        0.01          2.35 1995   0.14  -0.13     0.00
  MONTH TO DATE    4.37                      3.82   0.55     2.79
  SINCE MAR 1     10.39                      8.37   2.02     4.65
  SINCE JAN 1     23.38                     18.36   5.02    12.68

SNOWFALL (IN)
  YESTERDAY        0.0

DEGREE DAYS
 HEATING
  YESTERDAY        6                         2      4        6
  MONTH TO DATE  185                       105     80       33
  SINCE MAR 1    453                       441     12      270
  SINCE JUL 1   2666                      2750    -84     1803

 COOLING
  YESTERDAY        0                         3     -3        0
  MONTH TO DATE   12                        39    -27       90
  SINCE MAR 1     33                        56    -23      135
  SINCE JAN 1     55                        61     -6      164
..................................................................


WIND (MPH)
  HIGHEST WIND SPEED    14   HIGHEST WIND DIRECTION    SW (230)
  HIGHEST GUST SPEED    18   HIGHEST GUST DIRECTION    SW (210)
  AVERAGE WIND SPEED     7.9


SKY COVER
  POSSIBLE SUNSHINE  MM
  AVERAGE SKY COVER 0.9


WEATHER CONDITIONS
 THE FOLLOWING WEATHER WAS RECORDED YESTERDAY.
  LIGHT RAIN
  FOG


RELATIVE HUMIDITY (PERCENT)
 HIGHEST    93           700 AM
 LOWEST     67          1200 PM
 AVERAGE    80

..........................................................


THE GREENVILLE CLIMATE NORMALS FOR TODAY
                         NORMAL    RECORD    YEAR
 MAXIMUM TEMPERATURE (F)   77        91      1953
 MINIMUM TEMPERATURE (F)   55        42      1907


SUNRISE AND SUNSET
APRIL 24 2018.........SUNRISE   623 AM CDT   SUNSET   742 PM CDT
APRIL 25 2018.........SUNRISE   622 AM CDT   SUNSET   742 PM CDT


-  INDICATES NEGATIVE NUMBERS.
R  INDICATES RECORD WAS SET OR TIED.
MM INDICATES DATA IS MISSING.
T  INDICATES TRACE AMOUNT.




$$
