000
CDUS44 KHGX 200723
CLIGLS


CLIMATE REPORT
NATIONAL WEATHER SERVICE HOUSTON/GALVESTON TX
223 AM CDT FRI APR 20 2018


...................................

...THE GALVESTON CLIMATE SUMMARY FOR APRIL 19 2018...

CLIMATE NORMAL PERIOD 1981 TO 2010
CLIMATE RECORD PERIOD 1875 TO 2018


WEATHER ITEM   OBSERVED TIME   RECORD YEAR NORMAL DEPARTURE LAST
                VALUE   (LST)  VALUE       VALUE  FROM      YEAR
                                                  NORMAL
..................................................................
TEMPERATURE (F)
 YESTERDAY
  MAXIMUM         76    411 PM  83    2017  77     -1       83
                                      2011
                                      1965
  MINIMUM         64   1139 PM  48    1953  65     -1       75
  AVERAGE         70                        71     -1       79

PRECIPITATION (IN)
  YESTERDAY        T             3.18 1893   0.12  -0.12     0.00
  MONTH TO DATE    0.35                      2.07  -1.72     1.15
  SINCE MAR 1      1.69                      5.23  -3.54     2.42
  SINCE JAN 1      5.85                     12.00  -6.15     6.69

SNOWFALL (IN)
  YESTERDAY        0.0          MM      MM  MM     MM        0.0
  MONTH TO DATE    0.0                      MM     MM        0.0
  SINCE MAR 1      0.0                      MM     MM        0.0
  SINCE JUL 1      T                         0.0    0.0      0.0
  SNOW DEPTH       0

DEGREE DAYS
 HEATING
  YESTERDAY        0                         0      0        0
  MONTH TO DATE   18                        16      2        0
  SINCE MAR 1     38                       119    -81       18
  SINCE JUL 1    815                      1007   -192      328

 COOLING
  YESTERDAY        5                         6     -1       14
  MONTH TO DATE   93                        90      3      191
  SINCE MAR 1    260                       143    117      389
  SINCE JAN 1    361                       160    201      567
..................................................................


WIND (MPH)
  RESULTANT WIND SPEED  11   RESULTANT WIND DIRECTION   N (10)
  HIGHEST WIND SPEED    26   HIGHEST WIND DIRECTION     N (20)
  HIGHEST GUST SPEED    33   HIGHEST GUST DIRECTION     N (10)
  AVERAGE WIND SPEED    12.4


SKY COVER
  AVERAGE SKY COVER 0.4


WEATHER CONDITIONS
 THE FOLLOWING WEATHER WAS RECORDED YESTERDAY.
  LIGHT RAIN


RELATIVE HUMIDITY (PERCENT)
 HIGHEST   100
 LOWEST     33
 AVERAGE    67

..........................................................


THE GALVESTON CLIMATE NORMALS FOR TODAY
                         NORMAL    RECORD    YEAR
 MAXIMUM TEMPERATURE (F)   77        83      2017
                                             2006
                                             2000
 MINIMUM TEMPERATURE (F)   66        52      1884


SUNRISE AND SUNSET
APRIL 20 2018.........SUNRISE   648 AM CDT   SUNSET   749 PM CDT
APRIL 21 2018.........SUNRISE   647 AM CDT   SUNSET   750 PM CDT


-  INDICATES NEGATIVE NUMBERS.
R  INDICATES RECORD WAS SET OR TIED.
MM INDICATES DATA IS MISSING.
T  INDICATES TRACE AMOUNT.




$$
