520
CDUS42 KJAX 242126
CLIGNV


CLIMATE REPORT
NATIONAL WEATHER SERVICE JACKSONVILLE FL
526 PM EDT THU MAY 24 2018


...................................

...THE GAINESVILLE CLIMATE SUMMARY FOR MAY 24 2018...
VALID TODAY AS OF 0500 PM LOCAL TIME.

CLIMATE NORMAL PERIOD 1981 TO 2010
CLIMATE RECORD PERIOD 1890 TO 2018


WEATHER ITEM   OBSERVED TIME   RECORD YEAR NORMAL DEPARTURE LAST
                VALUE   (LST)  VALUE       VALUE  FROM      YEAR
                                                  NORMAL
..................................................................
TEMPERATURE (F)
 TODAY
  MAXIMUM         91    224 PM  98    1893  88      3       77
  MINIMUM         72    110 AM  50    2001  65      7       67
  AVERAGE         82                        76      6       72

PRECIPITATION (IN)
  TODAY            T             2.02 2017   0.10  -0.10     2.02
  MONTH TO DATE    5.38                      1.69   3.69     4.45
  SINCE MAR 1     15.28                      8.69   6.59     7.86
  SINCE JAN 1     21.18                     15.20   5.98     9.70

SNOWFALL (IN)
  TODAY            0.0           0.0    MM   0.0    0.0      0.0
  MONTH TO DATE    0.0                       0.0    0.0      0.0
  SINCE MAR 1      0.0                       0.0    0.0      0.0
  SINCE JUL 1      0.0                       0.0    0.0      0.0
  SNOW DEPTH       0

DEGREE DAYS
 HEATING
  TODAY            0                         0      0        0
  MONTH TO DATE    0                         0      0        0
  SINCE MAR 1    201                       180     21      143
  SINCE JUL 1   1104                      1214   -110      646

 COOLING
  TODAY           17                        12      5        7
  MONTH TO DATE  243                       217     26      256
  SINCE MAR 1    448                       392     56      511
  SINCE JAN 1    576                       424    152      595
..................................................................


WIND (MPH)
  HIGHEST WIND SPEED    16   HIGHEST WIND DIRECTION    NE (50)
  HIGHEST GUST SPEED    22   HIGHEST GUST DIRECTION     E (70)
  AVERAGE WIND SPEED     2.3


SKY COVER
  POSSIBLE SUNSHINE  MM
  AVERAGE SKY COVER 0.6


WEATHER CONDITIONS
 THE FOLLOWING WEATHER WAS RECORDED TODAY.
  THUNDERSTORM
  LIGHT RAIN


RELATIVE HUMIDITY (PERCENT)
 HIGHEST    87           100 AM
 LOWEST     52           100 PM
 AVERAGE    70

..........................................................


THE GAINESVILLE CLIMATE NORMALS FOR TOMORROW
                         NORMAL    RECORD    YEAR
 MAXIMUM TEMPERATURE (F)   89        98      2011
                                             1956
                                             1953
 MINIMUM TEMPERATURE (F)   65        52      1931


SUNRISE AND SUNSET
MAY 24 2018...........SUNRISE   632 AM EDT   SUNSET   820 PM EDT
MAY 25 2018...........SUNRISE   631 AM EDT   SUNSET   821 PM EDT


-  INDICATES NEGATIVE NUMBERS.
R  INDICATES RECORD WAS SET OR TIED.
MM INDICATES DATA IS MISSING.
T  INDICATES TRACE AMOUNT.




$$
