000
CDUS43 KGID 230639
CLIGRI


CLIMATE REPORT
NATIONAL WEATHER SERVICE HASTINGS NE
138 AM CDT MON APR 23 2018


...................................

...THE GRAND ISLAND NE CLIMATE SUMMARY FOR APRIL 22 2018...

CLIMATE NORMAL PERIOD 1981 TO 2010
CLIMATE RECORD PERIOD 1895 TO 2018


WEATHER ITEM   OBSERVED TIME   RECORD YEAR NORMAL DEPARTURE LAST
                VALUE   (LST)  VALUE       VALUE  FROM      YEAR
                                                  NORMAL
..................................................................
TEMPERATURE (F)
 YESTERDAY
  MAXIMUM         65    534 PM  94    1989  66     -1       66
  MINIMUM         37    340 AM  23    1931  40     -3       37
  AVERAGE         51                        53     -2       52

PRECIPITATION (IN)
  YESTERDAY        0.00          2.05 1957   0.10  -0.10     0.00
  MONTH TO DATE    1.01                      1.72  -0.71     0.13
  SINCE MAR 1      2.27                      3.52  -1.25     0.94
  SINCE JAN 1      4.10                      4.73  -0.63     2.26

SNOWFALL (IN)
  YESTERDAY        0.0           T    2013   0.1   -0.1      0.0
                                      1988
                                      1984
  MONTH TO DATE    4.1                       1.4    2.7      0.0
  SINCE MAR 1      4.5                       6.8   -2.3      1.2
  SINCE JUL 1     33.6                      28.9    4.7      8.9
  SNOW DEPTH       0

DEGREE DAYS
 HEATING
  YESTERDAY       14                        13      1       13
  MONTH TO DATE  584                       356    228      251
  SINCE MAR 1   1344                      1152    192      948
  SINCE JUL 1   6119                      5913    206     5014

 COOLING
  YESTERDAY        0                         1     -1        0
  MONTH TO DATE    0                         3     -3        5
  SINCE MAR 1      0                         3     -3        5
  SINCE JAN 1      0                         3     -3        5
..................................................................


WIND (MPH)
  HIGHEST WIND SPEED    15   HIGHEST WIND DIRECTION    SE (140)
  HIGHEST GUST SPEED    24   HIGHEST GUST DIRECTION    NE (50)
  AVERAGE WIND SPEED     7.5


SKY COVER
  AVERAGE SKY COVER 0.4


WEATHER CONDITIONS
 THE FOLLOWING WEATHER WAS RECORDED YESTERDAY.
  FOG
  HAZE


RELATIVE HUMIDITY (PERCENT)
 HIGHEST   100           200 AM
 LOWEST     34           300 PM
 AVERAGE    67

..........................................................


THE GRAND ISLAND NE CLIMATE NORMALS FOR TODAY
                         NORMAL    RECORD    YEAR
 MAXIMUM TEMPERATURE (F)   66        94      1939
 MINIMUM TEMPERATURE (F)   41        23      1963


SUNRISE AND SUNSET
APRIL 23 2018.........SUNRISE   642 AM CDT   SUNSET   822 PM CDT
APRIL 24 2018.........SUNRISE   641 AM CDT   SUNSET   823 PM CDT


-  INDICATES NEGATIVE NUMBERS.
R  INDICATES RECORD WAS SET OR TIED.
MM INDICATES DATA IS MISSING.
T  INDICATES TRACE AMOUNT.




$$
