000
CDUS44 KJAN 262209
CLIHBG


CLIMATE REPORT
NATIONAL WEATHER SERVICE JACKSON MS
503 PM CDT THU APR 26 2018


...................................

...THE HATTIESBURG CLIMATE SUMMARY FOR APRIL 26 2018...
VALID TODAY AS OF 0500 PM LOCAL TIME.

CLIMATE NORMAL PERIOD 1981 TO 2010
CLIMATE RECORD PERIOD 1948 TO 2018


WEATHER ITEM   OBSERVED TIME   RECORD YEAR NORMAL DEPARTURE LAST
                VALUE   (LST)  VALUE       VALUE  FROM      YEAR
                                                  NORMAL
..................................................................
TEMPERATURE (F)
 TODAY
  MAXIMUM         70    222 PM  88    2016  81    -11       83
                                      2015
  MINIMUM         58   1217 AM  41    1968  56      2       56
  AVERAGE         64                        68     -4       70

PRECIPITATION (IN)
  TODAY            0.24          3.09 1980   0.14   0.10      T
  MONTH TO DATE    6.39                      4.44   1.95     4.28
  SINCE MAR 1     10.90                      9.94   0.96     7.42
  SINCE JAN 1     23.33                     21.07   2.26    19.02

SNOWFALL (IN)
  TODAY            0.0

DEGREE DAYS
 HEATING
  TODAY            1                         1      0        0
  MONTH TO DATE  102                        79     23       33
  SINCE MAR 1    310                       296     14      176
  SINCE JUL 1   1885                      1974    -89     1143

 COOLING
  TODAY            0                         4     -4        5
  MONTH TO DATE   25                        73    -48      101
  SINCE MAR 1     72                       106    -34      189
  SINCE JAN 1    154                       121     33      258
..................................................................


WIND (MPH)
  HIGHEST WIND SPEED    17   HIGHEST WIND DIRECTION    NW (310)
  HIGHEST GUST SPEED    23   HIGHEST GUST DIRECTION    NW (300)
  AVERAGE WIND SPEED     9.0


SKY COVER
  POSSIBLE SUNSHINE  MM
  AVERAGE SKY COVER 0.7


WEATHER CONDITIONS
 THE FOLLOWING WEATHER WAS RECORDED TODAY.
  RAIN
  LIGHT RAIN
  FOG


RELATIVE HUMIDITY (PERCENT)
 HIGHEST   100           500 AM
 LOWEST     53           100 PM
 AVERAGE    77

..........................................................


THE HATTIESBURG CLIMATE NORMALS FOR TOMORROW
                         NORMAL    RECORD    YEAR
 MAXIMUM TEMPERATURE (F)   81        91      2002
 MINIMUM TEMPERATURE (F)   56        42      1977


SUNRISE AND SUNSET
APRIL 26 2018.........SUNRISE   617 AM CDT   SUNSET   733 PM CDT
APRIL 27 2018.........SUNRISE   616 AM CDT   SUNSET   734 PM CDT


-  INDICATES NEGATIVE NUMBERS.
R  INDICATES RECORD WAS SET OR TIED.
MM INDICATES DATA IS MISSING.
T  INDICATES TRACE AMOUNT.




$$
