000
CDUS41 KPBZ 220702
CLIHLG


CLIMATE REPORT
NATIONAL WEATHER SERVICE PITTSBURGH PA
301 AM EDT SUN APR 22 2018


...................................

...THE WHEELING CLIMATE SUMMARY FOR APRIL 21 2018...

CLIMATE NORMAL PERIOD 1981 TO 2010
CLIMATE RECORD PERIOD 1878 TO 2018


WEATHER ITEM   OBSERVED TIME   RECORD YEAR NORMAL DEPARTURE LAST
                VALUE   (LST)  VALUE       VALUE  FROM      YEAR
                                                  NORMAL
..................................................................
TEMPERATURE (F)
 YESTERDAY
  MAXIMUM         57    352 PM  83    1952  63     -6       68
                                      1923
  MINIMUM         29    545 AM  16    1926  43    -14       49
  AVERAGE         43                        53    -10       59

PRECIPITATION (IN)
  YESTERDAY        0.00          0.90 1928   0.09  -0.09     0.01
  MONTH TO DATE    4.41                      2.08   2.33     2.14
  SINCE JAN 1     16.65                      9.97   6.68    11.37

DEGREE DAYS
 HEATING
  YESTERDAY       22                        12     10        6
  MONTH TO DATE  437                       323    114      198
  SINCE MAR 1   1350                      1096    254      947
  SINCE JUL 1   5330                      5263     67     4303

 COOLING
  YESTERDAY        0                                         0
  MONTH TO DATE   14                                        13
  SINCE MAR 1     14                                        16
  SINCE JAN 1     19                                        18
..................................................................


WIND (MPH)
  HIGHEST WIND SPEED    12   HIGHEST WIND DIRECTION     E (100)
  HIGHEST GUST SPEED    14   HIGHEST GUST DIRECTION     E (110)
  AVERAGE WIND SPEED     4.3


SKY COVER
  POSSIBLE SUNSHINE  MM
  AVERAGE SKY COVER 0.1


WEATHER CONDITIONS
 THE FOLLOWING WEATHER WAS RECORDED YESTERDAY.
  NO SIGNIFICANT WEATHER WAS OBSERVED.


RELATIVE HUMIDITY (PERCENT)
 HIGHEST    69           500 AM
 LOWEST     26           300 PM
 AVERAGE    48

..........................................................


THE WHEELING CLIMATE NORMALS FOR TODAY
                         NORMAL    RECORD    YEAR
 MAXIMUM TEMPERATURE (F)   64        84      1952
                                             1946
                                             1920
 MINIMUM TEMPERATURE (F)   44        24      1946
                                             1904


SUNRISE AND SUNSET
APRIL 22 2018.........SUNRISE   634 AM EDT   SUNSET   809 PM EDT
APRIL 23 2018.........SUNRISE   633 AM EDT   SUNSET   810 PM EDT


-  INDICATES NEGATIVE NUMBERS.
R  INDICATES RECORD WAS SET OR TIED.
MM INDICATES DATA IS MISSING.
T  INDICATES TRACE AMOUNT.




$$
