000
CDUS44 KHGX 240717
CLIHOU


CLIMATE REPORT
NATIONAL WEATHER SERVICE HOUSTON/GALVESTON TX
217 AM CDT TUE APR 24 2018


...................................

...THE HOUSTON INTERCONTINENTAL CLIMATE SUMMARY FOR APRIL 23 2018...

CLIMATE NORMAL PERIOD 1981 TO 2010
CLIMATE RECORD PERIOD 1892 TO 2018


WEATHER ITEM   OBSERVED TIME   RECORD YEAR NORMAL DEPARTURE LAST
                VALUE   (LST)  VALUE       VALUE  FROM      YEAR
                                                  NORMAL
..................................................................
TEMPERATURE (F)
 YESTERDAY
  MAXIMUM         80    342 PM  91    1999  81     -1       74
  MINIMUM         51    457 AM  44    1998  61    -10       53
  AVERAGE         66                        71     -5       64

PRECIPITATION (IN)
  YESTERDAY        0.00          2.40 1981   0.11  -0.11     0.00
  MONTH TO DATE    1.90                      2.42  -0.52     1.67
  SINCE MAR 1      4.87                      5.83  -0.96     7.30
  SINCE JAN 1     13.66                     12.41   1.25    15.81

SNOWFALL (IN)
  YESTERDAY        0.0          MM      MM
  MONTH TO DATE    0.0
  SINCE MAR 1      0.0
  SINCE JUL 1      0.8

DEGREE DAYS
 HEATING
  YESTERDAY        0                         1     -1        1
  MONTH TO DATE   46                        35     11        1
  SINCE MAR 1    104                       176    -72       53
  SINCE JUL 1   1230                      1364   -134      653

 COOLING
  YESTERDAY        1                         7     -6        0
  MONTH TO DATE   82                       119    -37      158
  SINCE MAR 1    226                       190     36      316
  SINCE JAN 1    314                       228     86      495
..................................................................


WIND (MPH)
  HIGHEST WIND SPEED    17   HIGHEST WIND DIRECTION    NW (320)
  HIGHEST GUST SPEED    24   HIGHEST GUST DIRECTION    NW (330)




RELATIVE HUMIDITY (PERCENT)
 HIGHEST    96
 LOWEST     39
 AVERAGE    68

..........................................................


THE HOUSTON INTERCONTINENTAL CLIMATE NORMALS FOR TODAY
                         NORMAL    RECORD    YEAR
 MAXIMUM TEMPERATURE (F)   81        92      1894
 MINIMUM TEMPERATURE (F)   62        46      1995


SUNRISE AND SUNSET
APRIL 24 2018.........SUNRISE   645 AM CDT   SUNSET   754 PM CDT
APRIL 25 2018.........SUNRISE   644 AM CDT   SUNSET   755 PM CDT


-  INDICATES NEGATIVE NUMBERS.
R  INDICATES RECORD WAS SET OR TIED.
MM INDICATES DATA IS MISSING.
T  INDICATES TRACE AMOUNT.

&&

...................................

...THE HOUSTON/HOBBY AIRPORT CLIMATE SUMMARY FOR APRIL 23 2018...

CLIMATE NORMAL PERIOD 1981 TO 2010
CLIMATE RECORD PERIOD 1930 TO 2018


WEATHER ITEM   OBSERVED TIME   RECORD YEAR NORMAL DEPARTURE LAST
                VALUE   (LST)  VALUE       VALUE  FROM      YEAR
                                                  NORMAL
..................................................................
TEMPERATURE (F)
 YESTERDAY
  MAXIMUM         80    407 PM  91    1967  80      0       73
  MINIMUM         53    439 AM  45    1931  63    -10       54
  AVERAGE         67                        72     -5       64

PRECIPITATION (IN)
  YESTERDAY        0.00          1.11 1981   0.11  -0.11     0.00
  MONTH TO DATE    2.71                      2.39   0.32     2.98
  SINCE MAR 1      4.64                      5.59  -0.95    11.13
  SINCE JAN 1     11.88                     12.67  -0.79    17.25

SNOWFALL (IN)
  YESTERDAY        0.0          MM      MM
  MONTH TO DATE    0.0
  SINCE MAR 1      0.0
  SINCE JUL 1      1.5

DEGREE DAYS
 HEATING
  YESTERDAY        0                         0      0        1
  MONTH TO DATE   42                        27     15        1
  SINCE MAR 1     95                       148    -53       43
  SINCE JUL 1   1134                      1218    -84      541

 COOLING
  YESTERDAY        2                         7     -5        0
  MONTH TO DATE   78                       120    -42      162
  SINCE MAR 1    216                       189     27      334
  SINCE JAN 1    307                       227     80      521
..................................................................


WIND (MPH)
  HIGHEST WIND SPEED    21   HIGHEST WIND DIRECTION    NW (320)
  HIGHEST GUST SPEED    26   HIGHEST GUST DIRECTION    NW (320)




RELATIVE HUMIDITY (PERCENT)
 HIGHEST    93
 LOWEST     35
 AVERAGE    64

..........................................................


THE HOUSTON/HOBBY AIRPORT CLIMATE NORMALS FOR TODAY
                         NORMAL    RECORD    YEAR
 MAXIMUM TEMPERATURE (F)   81        90      1987
 MINIMUM TEMPERATURE (F)   63        49      1995


SUNRISE AND SUNSET
APRIL 24 2018.........SUNRISE   645 AM CDT   SUNSET   754 PM CDT
APRIL 25 2018.........SUNRISE   644 AM CDT   SUNSET   754 PM CDT


-  INDICATES NEGATIVE NUMBERS.
R  INDICATES RECORD WAS SET OR TIED.
MM INDICATES DATA IS MISSING.
T  INDICATES TRACE AMOUNT.




$$
