000
CDUS46 KSEW 250121
CLIHQM


CLIMATE REPORT
NATIONAL WEATHER SERVICE SEATTLE WA
621 PM PDT THU MAY 24 2018


...................................

...THE HOQUIAM WA AIRPORT CLIMATE SUMMARY FOR MAY 24 2018...
VALID TODAY AS OF 0500 PM LOCAL TIME.

CLIMATE NORMAL PERIOD 1981 TO 2010
CLIMATE RECORD PERIOD 1953 TO 2018


WEATHER ITEM   OBSERVED TIME   RECORD YEAR NORMAL DEPARTURE LAST
                VALUE   (LST)  VALUE       VALUE  FROM      YEAR
                                                  NORMAL
..................................................................
TEMPERATURE (F)
 TODAY
  MAXIMUM         63    245 PM  86    1993  61      2       57
                                      1992
  MINIMUM         54    119 AM  40    2002  48      6       49
                                      1988
  AVERAGE         59                        54      5       53

PRECIPITATION (IN)
  TODAY            0.00          1.21 1974   0.09  -0.09      T
  MONTH TO DATE    0.35                      2.61  -2.26     3.81
  SINCE OCT 1     64.74                     59.90   4.84    82.02
  SINCE JAN 1     33.15                     32.24   0.91    40.48

DEGREE DAYS
 HEATING
  TODAY            6                        11     -5       12
  MONTH TO DATE  216                       298    -82      285
  SINCE MAR 1   1255                      1376   -121     1358

 COOLING
  TODAY            0                         0      0        0
  MONTH TO DATE    0                         0      0        0
  SINCE MAR 1      0                         0      0        0
  SINCE JAN 1      0                         0      0        0
..................................................................


WIND (MPH)
  RESULTANT WIND SPEED  11   RESULTANT WIND DIRECTION   W (260)
  HIGHEST WIND SPEED    20   HIGHEST WIND DIRECTION    SW (240)
  HIGHEST GUST SPEED    24   HIGHEST GUST DIRECTION    SW (240)
  AVERAGE WIND SPEED    10.7


SKY COVER
  AVERAGE SKY COVER 0.8


WEATHER CONDITIONS
 THE FOLLOWING WEATHER WAS RECORDED TODAY.
  FOG


RELATIVE HUMIDITY (PERCENT)
 HIGHEST    93          1200 AM
 LOWEST     67           100 PM
 AVERAGE    80

..........................................................


THE HOQUIAM WA AIRPORT CLIMATE NORMALS FOR TOMORROW
                         NORMAL    RECORD    YEAR
 MAXIMUM TEMPERATURE (F)   61        82      2005
 MINIMUM TEMPERATURE (F)   48        37      1972
                                             1964


SUNRISE AND SUNSET
MAY 24 2018...........SUNRISE   531 AM PDT   SUNSET   855 PM PDT
MAY 25 2018...........SUNRISE   530 AM PDT   SUNSET   856 PM PDT


-  INDICATES NEGATIVE NUMBERS.
R  INDICATES RECORD WAS SET OR TIED.
MM INDICATES DATA IS MISSING.
T  INDICATES TRACE AMOUNT.




$$
