750
CDUS43 KAPX 220552
CLIHTL


CLIMATE REPORT
NATIONAL WEATHER SERVICE GAYLORD MI
152 AM EDT SUN APR 22 2018


...................................

...THE HOUGHTON LAKE MI CLIMATE SUMMARY FOR APRIL 21 2018...

CLIMATE NORMAL PERIOD 1981 TO 2010
CLIMATE RECORD PERIOD 1913 TO 2018


WEATHER ITEM   OBSERVED TIME   RECORD YEAR NORMAL DEPARTURE LAST
                VALUE   (LST)  VALUE       VALUE  FROM      YEAR
                                                  NORMAL
..................................................................
TEMPERATURE (F)
 YESTERDAY
  MAXIMUM         57    530 PM  83    1985  57      0       46
  MINIMUM         25    407 AM  12    1922  33     -8       36
  AVERAGE         41                        45     -4       41

PRECIPITATION (IN)
  YESTERDAY        0.00          1.23 1931   0.07  -0.07      T
  MONTH TO DATE    3.28                      1.77   1.51     4.52
  SINCE MAR 1      4.08                      3.61   0.47     7.20
  SINCE JAN 1      8.25                      6.33   1.92    12.68

SNOWFALL (IN)
  YESTERDAY        0.0           2.0  1924   0.1   -0.1      0.0
  MONTH TO DATE   14.1                       3.4   10.7       T
  SINCE OCT 1     55.8                      66.2  -10.4     76.1
  SINCE JUL 1     55.8                      66.2  -10.4     76.1
  SNOW DEPTH       T

DEGREE DAYS
 HEATING
  YESTERDAY       24                        20      4       24
  MONTH TO DATE  732                       513    219      397
  SINCE MAR 1   1847                      1626    221     1494
  SINCE JUL 1   7400                      7498    -98     6344

 COOLING
  YESTERDAY        0                         0      0        0
  MONTH TO DATE    0                         0      0        0
  SINCE MAR 1      0                         0      0        0
  SINCE JAN 1      0                         0      0        0
..................................................................


WIND (MPH)
  HIGHEST WIND SPEED    10   HIGHEST WIND DIRECTION    SW (220)
  HIGHEST GUST SPEED    13   HIGHEST GUST DIRECTION    SW (240)
  AVERAGE WIND SPEED     3.2




RELATIVE HUMIDITY (PERCENT)
 HIGHEST    85
 LOWEST     19
 AVERAGE    52

..........................................................


THE HOUGHTON LAKE MI CLIMATE NORMALS FOR TODAY
                         NORMAL    RECORD    YEAR
 MAXIMUM TEMPERATURE (F)   57        86      1980
 MINIMUM TEMPERATURE (F)   34        15      1945


SUNRISE AND SUNSET
APRIL 22 2018.........SUNRISE   643 AM EDT   SUNSET   832 PM EDT
APRIL 23 2018.........SUNRISE   642 AM EDT   SUNSET   833 PM EDT


-  INDICATES NEGATIVE NUMBERS.
R  INDICATES RECORD WAS SET OR TIED.
MM INDICATES DATA IS MISSING.
T  INDICATES TRACE AMOUNT.




$$
