000
CDUS41 KRLX 200717
CLIHTS


CLIMATE REPORT
NATIONAL WEATHER SERVICE CHARLESTON WV
317 AM EDT FRI APR 20 2018


...................................

...THE HUNTINGTON WV CLIMATE SUMMARY FOR APRIL 19 2018...

CLIMATE NORMAL PERIOD 1981 TO 2010
CLIMATE RECORD PERIOD 1897 TO 2018


WEATHER ITEM   OBSERVED TIME   RECORD YEAR NORMAL DEPARTURE LAST
                VALUE   (LST)  VALUE       VALUE  FROM      YEAR
                                                  NORMAL
..................................................................
TEMPERATURE (F)
 YESTERDAY
  MAXIMUM         55   1231 AM  89    2002  69    -14       74
                                      1955
                                      1941
  MINIMUM         39   1055 PM  27    1983  46     -7       61
  AVERAGE         47                        57    -10       68

PRECIPITATION (IN)
  YESTERDAY        T             2.40 1901   0.11  -0.11      T
  MONTH TO DATE    2.51                      2.11   0.40     1.25
  SINCE JAN 1     16.90                     12.05   4.85    12.13

SNOWFALL (IN)
  YESTERDAY        0.0           0.7  1926   0.0    0.0      0.0
                                      2001
  MONTH TO DATE    1.2                       0.9    0.3      0.0
  SINCE SEP 1     12.5                      23.6  -11.1      5.9
  SNOW DEPTH       0

DEGREE DAYS
 HEATING
  YESTERDAY       18                         9      9        0
  MONTH TO DATE  300                       213     87      101
  SINCE MAR 1    998                       809    189      653
  SINCE JUL 1   4248                      4310    -62     3302

 COOLING
  YESTERDAY        0                         1     -1        3
  MONTH TO DATE   21                        18      3       30
  SINCE MAR 1     21                        23     -2       32
  SINCE JAN 1     28                        23      5       33
..................................................................


WIND (MPH)
  HIGHEST WIND SPEED    21   HIGHEST WIND DIRECTION    NW (300)
  HIGHEST GUST SPEED    30   HIGHEST GUST DIRECTION     W (280)
  AVERAGE WIND SPEED     9.1


SKY COVER
  POSSIBLE SUNSHINE  MM
  AVERAGE SKY COVER 0.7


WEATHER CONDITIONS
 THE FOLLOWING WEATHER WAS RECORDED YESTERDAY.
  LIGHT RAIN


RELATIVE HUMIDITY (PERCENT)
 HIGHEST    77          1200 AM
 LOWEST     45           700 PM
 AVERAGE    61

..........................................................


THE HUNTINGTON WV CLIMATE NORMALS FOR TODAY
                         NORMAL    RECORD    YEAR
 MAXIMUM TEMPERATURE (F)   70        89      1976
                                             1954
                                             1917
 MINIMUM TEMPERATURE (F)   46        25      1926


SUNRISE AND SUNSET
APRIL 20 2018.........SUNRISE   647 AM EDT   SUNSET   811 PM EDT
APRIL 21 2018.........SUNRISE   646 AM EDT   SUNSET   812 PM EDT


-  INDICATES NEGATIVE NUMBERS.
R  INDICATES RECORD WAS SET OR TIED.
MM INDICATES DATA IS MISSING.
T  INDICATES TRACE AMOUNT.




$$
