000
CDUS43 KIND 240531
CLIIND


CLIMATE REPORT
NATIONAL WEATHER SERVICE INDIANAPOLIS IN
131 AM EDT THU MAY 24 2018


...................................

...THE INDIANAPOLIS IN CLIMATE SUMMARY FOR MAY 23 2018...

CLIMATE NORMAL PERIOD 1981 TO 2010
CLIMATE RECORD PERIOD 1871 TO 2018


WEATHER ITEM   OBSERVED TIME   RECORD YEAR NORMAL DEPARTURE LAST
                VALUE   (LST)  VALUE       VALUE  FROM      YEAR
                                                  NORMAL
..................................................................
TEMPERATURE (F)
 YESTERDAY
  MAXIMUM         83    448 PM  92    1939  75      8       73
  MINIMUM         59    608 AM  37    1963  55      4       56
  AVERAGE         71                        65      6       65

PRECIPITATION (IN)
  YESTERDAY        0.00          3.13 1968   0.16  -0.16     0.00
  MONTH TO DATE    1.03                      3.78  -2.75     6.35
  SINCE MAR 1     10.51                     11.15  -0.64    16.67
  SINCE JAN 1     17.16                     16.13   1.03    22.12

SNOWFALL (IN)
  YESTERDAY        0.0           0.0    MM   0.0    0.0      0.0
  MONTH TO DATE    0.0                       0.0    0.0      0.0
  SINCE MAR 1     14.2                       2.8   11.4      1.0
  SINCE JUL 1     23.2                      25.9   -2.7      9.7
  SNOW DEPTH       0

DEGREE DAYS
 HEATING
  YESTERDAY        0                         3     -3        0
  MONTH TO DATE    5                       121   -116      137
  SINCE MAR 1   1343                      1200    143      978
  SINCE JUL 1   5310                      5343    -33     4262

 COOLING
  YESTERDAY        6                         3      3        0
  MONTH TO DATE  144                        40    104       53
  SINCE MAR 1    150                        55     95       85
  SINCE JAN 1    155                        55    100       85
..................................................................


WIND (MPH)
  HIGHEST WIND SPEED    13   HIGHEST WIND DIRECTION    NE (40)
  HIGHEST GUST SPEED    17   HIGHEST GUST DIRECTION    NE (40)
  AVERAGE WIND SPEED     7.4


SKY COVER
  AVERAGE SKY COVER 0.3


WEATHER CONDITIONS
 THE FOLLOWING WEATHER WAS RECORDED YESTERDAY.
  NO SIGNIFICANT WEATHER WAS OBSERVED.


RELATIVE HUMIDITY (PERCENT)
 HIGHEST    87           500 AM
 LOWEST     33           800 PM
 AVERAGE    60

..........................................................


THE INDIANAPOLIS IN CLIMATE NORMALS FOR TODAY
                         NORMAL    RECORD    YEAR
 MAXIMUM TEMPERATURE (F)   75        90      1965
                                             1921
 MINIMUM TEMPERATURE (F)   55        37      1925


SUNRISE AND SUNSET
MAY 24 2018...........SUNRISE   623 AM EDT   SUNSET   901 PM EDT
MAY 25 2018...........SUNRISE   623 AM EDT   SUNSET   902 PM EDT


-  INDICATES NEGATIVE NUMBERS.
R  INDICATES RECORD WAS SET OR TIED.
MM INDICATES DATA IS MISSING.
T  INDICATES TRACE AMOUNT.




$$
