000
CDUS43 KDLH 220645
CLIINL


CLIMATE REPORT
NATIONAL WEATHER SERVICE DULUTH MN
145 AM CDT SUN APR 22 2018


...................................

...THE INTERNATIONAL FALLS MN CLIMATE SUMMARY FOR APRIL 21 2018...

CLIMATE NORMAL PERIOD 1981 TO 2010
CLIMATE RECORD PERIOD 1895 TO 2018


WEATHER ITEM   OBSERVED TIME   RECORD YEAR NORMAL DEPARTURE LAST
                VALUE   (LST)  VALUE       VALUE  FROM      YEAR
                                                  NORMAL
..................................................................
TEMPERATURE (F)
 YESTERDAY
  MAXIMUM         62    437 PM  90    1980  55      7       63
  MINIMUM         25    534 AM  11    1966  30     -5       26
  AVERAGE         44                        42      2       45

PRECIPITATION (IN)
  YESTERDAY        0.00          1.00 1964   0.05  -0.05     0.00
  MONTH TO DATE    0.28                      0.97  -0.69     0.51
  SINCE MAR 1      0.63                      1.92  -1.29     1.19
  SINCE JAN 1      2.32                      3.11  -0.79     3.94

SNOWFALL (IN)
  YESTERDAY        0.0           2.4  2012   0.1   -0.1      0.0
  MONTH TO DATE    3.4                       5.2   -1.8      0.0
  SINCE MAR 1      7.6                      12.8   -5.2      4.5
  SINCE JUL 1     62.2                      69.6   -7.4     67.8
  SNOW DEPTH       T

DEGREE DAYS
 HEATING
  YESTERDAY       21                        23     -2       20
  MONTH TO DATE  839                       585    254      476
  SINCE MAR 1   2110                      1868    242     1733
  SINCE JUL 1   9890                      9451    439     8207

 COOLING
  YESTERDAY        0                         0      0        0
  MONTH TO DATE    0                         0      0        0
  SINCE MAR 1      0                         0      0        0
  SINCE JAN 1      0                         0      0        0
..................................................................


WIND (MPH)
  HIGHEST WIND SPEED    10   HIGHEST WIND DIRECTION    SW (210)
  HIGHEST GUST SPEED    14   HIGHEST GUST DIRECTION    SW (240)
  AVERAGE WIND SPEED     3.5


SKY COVER
  AVERAGE SKY COVER 0.0


WEATHER CONDITIONS
 THE FOLLOWING WEATHER WAS RECORDED YESTERDAY.
  NO SIGNIFICANT WEATHER WAS OBSERVED.


RELATIVE HUMIDITY (PERCENT)
 HIGHEST    92           400 AM
 LOWEST     27           200 PM
 AVERAGE    60

..........................................................


THE INTERNATIONAL FALLS MN CLIMATE NORMALS FOR TODAY
                         NORMAL    RECORD    YEAR
 MAXIMUM TEMPERATURE (F)   55        81      1990
 MINIMUM TEMPERATURE (F)   30        17      2004
                                             1910


SUNRISE AND SUNSET
APRIL 22 2018.........SUNRISE   610 AM CDT   SUNSET   815 PM CDT
APRIL 23 2018.........SUNRISE   608 AM CDT   SUNSET   817 PM CDT


-  INDICATES NEGATIVE NUMBERS.
R  INDICATES RECORD WAS SET OR TIED.
MM INDICATES DATA IS MISSING.
T  INDICATES TRACE AMOUNT.




$$
