000
CDUS45 KFGZ 210743
CLIINW


CLIMATE REPORT
NATIONAL WEATHER SERVICE FLAGSTAFF, AZ
1243 AM MST MON MAY 21 2018


...................................

...THE WINSLOW AZ AIRPORT CLIMATE SUMMARY FOR MAY 20 2018...

CLIMATE NORMAL PERIOD 1981 TO 2010
CLIMATE RECORD PERIOD 1915 TO 2018


WEATHER ITEM   OBSERVED TIME   RECORD YEAR NORMAL DEPARTURE LAST
                VALUE   (LST)  VALUE       VALUE  FROM      YEAR
                                                  NORMAL
..................................................................
TEMPERATURE (F)
 YESTERDAY
  MAXIMUM         88    247 PM  97    2008  83      5       75
                                      2005
  MINIMUM         48    538 AM  31    1974  47      1       32
  AVERAGE         68                        65      3       54

PRECIPITATION (IN)
  YESTERDAY        0.00          0.43 1979   0.01  -0.01     0.00
  MONTH TO DATE    T                         0.22  -0.22     0.40
  SINCE SEP 1      0.54                      4.48  -3.94     5.22
  SINCE JAN 1      0.31                      2.00  -1.69     2.14

DEGREE DAYS
 HEATING
  YESTERDAY        0                         3     -3       11
  MONTH TO DATE   58                        88    -30      125
  SINCE JUL 1   3853                      4467   -614     3624

 COOLING
  YESTERDAY        3                         2      1        0
  MONTH TO DATE   53                        28     25       18
  SINCE JAN 1     68                        32     36       18
..................................................................


WIND (MPH)
  HIGHEST WIND SPEED    24   HIGHEST WIND DIRECTION     S (200)
  HIGHEST GUST SPEED    31   HIGHEST GUST DIRECTION    SW (240)
  AVERAGE WIND SPEED     9.2


SKY COVER
  POSSIBLE SUNSHINE  MM
  AVERAGE SKY COVER 0.0


WEATHER CONDITIONS
 THE FOLLOWING WEATHER WAS RECORDED YESTERDAY.
  NO SIGNIFICANT WEATHER WAS OBSERVED.


RELATIVE HUMIDITY (PERCENT)
 HIGHEST    24           300 AM
 LOWEST      7           200 PM
 AVERAGE    16

..........................................................


THE WINSLOW AZ AIRPORT CLIMATE NORMALS FOR TODAY
                         NORMAL    RECORD    YEAR
 MAXIMUM TEMPERATURE (F)   83        96      2005
 MINIMUM TEMPERATURE (F)   47        33      1974


SUNRISE AND SUNSET
MAY 21 2018...........SUNRISE   515 AM MST   SUNSET   724 PM MST
MAY 22 2018...........SUNRISE   515 AM MST   SUNSET   725 PM MST


-  INDICATES NEGATIVE NUMBERS.
R  INDICATES RECORD WAS SET OR TIED.
MM INDICATES DATA IS MISSING.
T  INDICATES TRACE AMOUNT.




$$
