000
CDUS43 KBIS 200759
CLIISN


CLIMATE REPORT
NATIONAL WEATHER SERVICE BISMARCK ND
257 AM CDT SUN MAY 20 2018


...................................

...THE WILLISTON ND CLIMATE SUMMARY FOR MAY 19 2018...

CLIMATE NORMAL PERIOD 1981 TO 2010
CLIMATE RECORD PERIOD 1894 TO 2018


WEATHER ITEM   OBSERVED TIME   RECORD YEAR NORMAL DEPARTURE LAST
                VALUE   (LST)  VALUE       VALUE  FROM      YEAR
                                                  NORMAL
..................................................................
TEMPERATURE (F)
 YESTERDAY
  MAXIMUM         67    304 PM  93    1992  69     -2       64
                                      1901
  MINIMUM         34    331 AM  20    1907  42     -8       30
  AVERAGE         51                        55     -4       47

PRECIPITATION (IN)
  YESTERDAY        0.00          1.10 1994   0.07  -0.07     0.00
  MONTH TO DATE    0.30                      1.06  -0.76     0.70
  SINCE MAR 1      2.54                      2.77  -0.23     2.05
  SINCE JAN 1      3.11                      3.75  -0.64     3.19

DEGREE DAYS
 HEATING
  YESTERDAY       14                        10      4       18
  MONTH TO DATE  161                       247    -86      160
  SINCE MAR 1   2295                      2004    291     1818
  SINCE JUL 1   9149                      8772    377     7840

 COOLING
  YESTERDAY        0                         0      0        0
  MONTH TO DATE    6                         0      6       22
  SINCE MAR 1      6                         1      5       22
  SINCE JAN 1      6                         1      5       22
..................................................................


WIND (MPH)
  HIGHEST WIND SPEED    17   HIGHEST WIND DIRECTION     E (100)
  HIGHEST GUST SPEED    21   HIGHEST GUST DIRECTION     E (90)
  AVERAGE WIND SPEED     4.5


SKY COVER
  POSSIBLE SUNSHINE  MM
  AVERAGE SKY COVER 0.0


WEATHER CONDITIONS
 THE FOLLOWING WEATHER WAS RECORDED YESTERDAY.
  NO SIGNIFICANT WEATHER WAS OBSERVED.


RELATIVE HUMIDITY (PERCENT)
 HIGHEST    92           500 AM
 LOWEST     24           100 PM
 AVERAGE    58

..........................................................


THE WILLISTON ND CLIMATE NORMALS FOR TODAY
                         NORMAL    RECORD    YEAR
 MAXIMUM TEMPERATURE (F)   69        98      1964
 MINIMUM TEMPERATURE (F)   42        23      1997


SUNRISE AND SUNSET
MAY 20 2018...........SUNRISE   609 AM CDT   SUNSET   934 PM CDT
MAY 21 2018...........SUNRISE   608 AM CDT   SUNSET   935 PM CDT


-  INDICATES NEGATIVE NUMBERS.
R  INDICATES RECORD WAS SET OR TIED.
MM INDICATES DATA IS MISSING.
T  INDICATES TRACE AMOUNT.




$$
