000
CDCA42 TJSJ 230430
CLIISX


CLIMATE REPORT
NATIONAL WEATHER SERVICE SAN JUAN, PR
1229 AM AST WED MAY 23 2018


...................................

...THE HENRY E. ROHLSEN AP/ST CROIX CLIMATE SUMMARY FOR MAY 22 2018...

CLIMATE NORMAL PERIOD 1981 TO 2010
CLIMATE RECORD PERIOD 1951 TO 2018


WEATHER ITEM   OBSERVED TIME   RECORD YEAR NORMAL DEPARTURE LAST
                VALUE   (LST)  VALUE       VALUE  FROM      YEAR
                                                  NORMAL
..................................................................
TEMPERATURE (F)
 YESTERDAY
  MAXIMUM         89    200 PM  93    1972  87      2       89
  MINIMUM         77    551 AM  70    1979  77      0       76
  AVERAGE         83                        82      1       83

PRECIPITATION (IN)
  YESTERDAY        0.00          2.04 2004   0.13  -0.13     0.00
  MONTH TO DATE    1.14                      3.09  -1.95     2.04
  SINCE MAR 1      2.79                      6.78  -3.99    16.13
  SINCE JAN 1      5.16                     10.57  -5.41    17.87

SNOWFALL (IN)
  YESTERDAY        0.0                       0.0    0.0      0.0
  MONTH TO DATE    0.0                       0.0    0.0      0.0
  SINCE MAR 1      0.0                       0.0    0.0      0.0
  SINCE JUL 1      0.0                       0.0    0.0      0.0

DEGREE DAYS
 HEATING
  YESTERDAY        0                         0      0        0
  MONTH TO DATE    0                         0      0        0
  SINCE MAR 1      0                         0      0        0
  SINCE JUL 1      0                         0      0        0

 COOLING
  YESTERDAY       18                        17      1       18
  MONTH TO DATE  368                       356     12      341
  SINCE MAR 1   1201                      1224    -23     1212
  SINCE JAN 1   1931                      2001    -70     1981
..................................................................


WIND (MPH)
  HIGHEST WIND SPEED    24   HIGHEST WIND DIRECTION     E (110)
  HIGHEST GUST SPEED    30   HIGHEST GUST DIRECTION     E (100)
  AVERAGE WIND SPEED    14.9


SKY COVER
  AVERAGE SKY COVER 0.3


WEATHER CONDITIONS
 THE FOLLOWING WEATHER WAS RECORDED YESTERDAY.
  NO SIGNIFICANT WEATHER WAS OBSERVED.


RELATIVE HUMIDITY (PERCENT)
 HIGHEST    88
 LOWEST     63
 AVERAGE    76

..........................................................


THE HENRY E. ROHLSEN AP/ST CROIX CLIMATE NORMALS FOR TODAY
                         NORMAL    RECORD    YEAR
 MAXIMUM TEMPERATURE (F)   87        92      1994
 MINIMUM TEMPERATURE (F)   77        62      2007


SUNRISE AND SUNSET
MAY 23 2018...........SUNRISE   545 AM AST   SUNSET   647 PM AST
MAY 24 2018...........SUNRISE   544 AM AST   SUNSET   648 PM AST


-  INDICATES NEGATIVE NUMBERS.
R  INDICATES RECORD WAS SET OR TIED.
MM INDICATES DATA IS MISSING.
T  INDICATES TRACE AMOUNT.




$$
