028
CDUS45 KBOI 200931
CLIJER


CLIMATE REPORT
NATIONAL WEATHER SERVICE BOISE ID
331 AM MDT SUN MAY 20 2018


...................................

...THE JEROME ID CLIMATE SUMMARY FOR MAY 19 2018...

CLIMATE NORMAL PERIOD 1981 TO 2010
CLIMATE RECORD PERIOD 1915 TO 2018


WEATHER ITEM   OBSERVED TIME   RECORD YEAR NORMAL DEPARTURE LAST
                VALUE   (LST)  VALUE       VALUE  FROM      YEAR
                                                  NORMAL
..................................................................
TEMPERATURE (F)
 YESTERDAY
  MAXIMUM         75    554 PM  98    1954  69      6       66
  MINIMUM         50    541 AM  29    2003  43      7       41
                                      1931
  AVERAGE         63                        56      7       54

PRECIPITATION (IN)
  YESTERDAY        0.00          0.76 1957   0.04  -0.04     0.00
  MONTH TO DATE    0.67                      0.85  -0.18     0.68
  SINCE OCT 1      6.56                      8.73  -2.17    10.32
  SINCE JAN 1      4.01                      5.21  -1.20     5.80

DEGREE DAYS
 HEATING
  YESTERDAY        2                         9     -7       11
  MONTH TO DATE  135                       228    -93      237
  SINCE MAR 1   1363                      1544   -181     1431
  SINCE JUL 1   5784                      6431   -647     5854

 COOLING
  YESTERDAY        0                         0      0        0
  MONTH TO DATE    9                         0      9        2
  SINCE MAR 1     12                         0     12        2
  SINCE JAN 1     12                         0     12        2
..................................................................


WIND (MPH)
  HIGHEST WIND SPEED    14   HIGHEST WIND DIRECTION    NE (60)
  HIGHEST GUST SPEED    17   HIGHEST GUST DIRECTION    NE (60)
  AVERAGE WIND SPEED     6.6


SKY COVER
  AVERAGE SKY COVER 0.0


WEATHER CONDITIONS
 THE FOLLOWING WEATHER WAS RECORDED YESTERDAY.
  NO SIGNIFICANT WEATHER WAS OBSERVED.


RELATIVE HUMIDITY (PERCENT)
 HIGHEST    83           100 AM
 LOWEST     22           300 PM
 AVERAGE    53

..........................................................


THE JEROME ID CLIMATE NORMALS FOR TODAY
                         NORMAL    RECORD    YEAR
 MAXIMUM TEMPERATURE (F)   69        93      1958
 MINIMUM TEMPERATURE (F)   44        29      1975


SUNRISE AND SUNSET
MAY 20 2018...........SUNRISE   611 AM MDT   SUNSET   859 PM MDT
MAY 21 2018...........SUNRISE   610 AM MDT   SUNSET   900 PM MDT


-  INDICATES NEGATIVE NUMBERS.
R  INDICATES RECORD WAS SET OR TIED.
MM INDICATES DATA IS MISSING.
T  INDICATES TRACE AMOUNT.




$$
