000
CDAK47 PAJK 211131
CLIJNU
CLIMATE REPORT
NATIONAL WEATHER SERVICE JUNEAU, AK
329 AM AKDT SAT APR 21 2018


...................................

...THE JUNEAU CLIMATE SUMMARY FOR APRIL 20 2018...

CLIMATE NORMAL PERIOD 1981 TO 2010
CLIMATE RECORD PERIOD 1936 TO 2018


WEATHER ITEM   OBSERVED RECORD YEAR NORMAL DEPARTURE LAST
                VALUE   VALUE       VALUE  FROM      YEAR
                                           NORMAL
...........................................................
TEMPERATURE (F)
 YESTERDAY
  MAXIMUM         48     66    1978  50     -2       49
  MINIMUM         31     18    1965  34     -3       38
  AVERAGE         40                 42     -2       44

PRECIPITATION (IN)
  YESTERDAY        0.09   0.82 1959   0.09   0.00     0.08
  MONTH TO DATE    1.10               1.97  -0.87     0.64
  SINCE JAN 1     11.68              15.23  -3.55    15.66

SNOWFALL (IN)
  YESTERDAY        0.0    3.3  1975   0.0    0.0      0.0
  MONTH TO DATE    0.0                1.0   -1.0       T
  SINCE JUL 1     77.3               86.6   -9.3     65.2
  SNOW DEPTH       0

DEGREE DAYS
 HEATING
  YESTERDAY       25                 23      2       21
  MONTH TO DATE  515                510      5      455
...........................................................


WIND (MPH)
  HIGHEST WIND SPEED    21   HIGHEST WIND DIRECTION    SE (120)
  HIGHEST GUST SPEED    25   HIGHEST GUST DIRECTION    SE (120)
  AVERAGE WIND SPEED     7.2


SKY COVER
  AVERAGE SKY COVER 0.7


WEATHER CONDITIONS
 THE FOLLOWING WEATHER WAS RECORDED YESTERDAY.
  LIGHT RAIN


..........................................................


THE JUNEAU CLIMATE NORMALS FOR TODAY
                         NORMAL    RECORD    YEAR
 MAXIMUM TEMPERATURE (F)   50        63      1978
 MINIMUM TEMPERATURE (F)   34        22      1948


SUNRISE AND SUNSET
APRIL 21 2018.........SUNRISE   530 AM AKDT  SUNSET   826 PM AKDT
APRIL 22 2018.........SUNRISE   527 AM AKDT  SUNSET   828 PM AKDT


-  INDICATES NEGATIVE NUMBERS.
R  INDICATES RECORD WAS SET OR TIED.
MM INDICATES DATA IS MISSING.
T  INDICATES TRACE AMOUNT.




$$
--------------------------------------------------------------

AMOUNT OF DAYLIGHT TODAY (HOUR:MIN)......... 14 HOURS 56 MINUTES
GAIN/LOSS SINCE YESTERDAY (HOUR:MIN:SEC).... +0:04:58

$$
