418
CDUS41 KCTP 190628
CLIJST


CLIMATE REPORT
NATIONAL WEATHER SERVICE STATE COLLEGE PA
228 AM EDT THU APR 19 2018


...................................

...THE JOHNSTOWN CLIMATE SUMMARY FOR APRIL 18 2018...

CLIMATE NORMAL PERIOD 1981 TO 2010
CLIMATE RECORD PERIOD 1892 TO 2018


WEATHER ITEM   OBSERVED TIME   RECORD YEAR NORMAL DEPARTURE LAST
                VALUE   (LST)  VALUE       VALUE  FROM      YEAR
                                                  NORMAL
..................................................................
TEMPERATURE (F)
 YESTERDAY
  MAXIMUM         50    450 PM  95    1976  58     -8       66
  MINIMUM         27    630 AM  24    2001  39    -12       43
  AVERAGE         39                        48     -9       55

PRECIPITATION (IN)
  YESTERDAY        0.07          1.22 1963   0.11  -0.04     0.00
  MONTH TO DATE    2.75                      2.28   0.47     1.65
  SINCE MAR 1      5.93                      5.57   0.36     5.71
  SINCE JAN 1     15.88                     10.80   5.08    11.37

DEGREE DAYS
 HEATING
  YESTERDAY       26                        17      9       10
  MONTH TO DATE  445                       362     83      230
  SINCE MAR 1   1508                      1275    233     1160
  SINCE JUL 1   5943                      6158   -215     5080

 COOLING
  YESTERDAY        0                         0      0        0
  MONTH TO DATE   12                         0     12        0
  SINCE MAR 1     12                         0     12        0
  SINCE JAN 1     12                         0     12        0
..................................................................


WIND (MPH)
  HIGHEST WIND SPEED    18   HIGHEST WIND DIRECTION     W (260)
  HIGHEST GUST SPEED    23   HIGHEST GUST DIRECTION     W (260)
  AVERAGE WIND SPEED     7.6


SKY COVER
  POSSIBLE SUNSHINE  MM
  AVERAGE SKY COVER 0.8


WEATHER CONDITIONS
 THE FOLLOWING WEATHER WAS RECORDED YESTERDAY.
  LIGHT RAIN
  FOG


RELATIVE HUMIDITY (PERCENT)
 HIGHEST    81           200 AM
 LOWEST     42           400 PM
 AVERAGE    62

..........................................................


THE JOHNSTOWN CLIMATE NORMALS FOR TODAY
                         NORMAL    RECORD    YEAR
 MAXIMUM TEMPERATURE (F)   58        90      1976
 MINIMUM TEMPERATURE (F)   39        23      1983


SUNRISE AND SUNSET
APRIL 19 2018.........SUNRISE   631 AM EDT   SUNSET   758 PM EDT
APRIL 20 2018.........SUNRISE   630 AM EDT   SUNSET   759 PM EDT


-  INDICATES NEGATIVE NUMBERS.
R  INDICATES RECORD WAS SET OR TIED.
MM INDICATES DATA IS MISSING.
T  INDICATES TRACE AMOUNT.




$$
