000
CDUS44 KLUB 250627
CLILBB


CLIMATE REPORT
NATIONAL WEATHER SERVICE LUBBOCK, TX
126 AM CDT WED APR 25 2018


...................................

...THE LUBBOCK CLIMATE SUMMARY FOR APRIL 24 2018...

CLIMATE NORMAL PERIOD 1981 TO 2010
CLIMATE RECORD PERIOD 1911 TO 2018


WEATHER ITEM   OBSERVED TIME   RECORD YEAR NORMAL DEPARTURE LAST
                VALUE   (LST)  VALUE       VALUE  FROM      YEAR
                                                  NORMAL
..................................................................
TEMPERATURE (F)
 YESTERDAY
  MAXIMUM         87    445 PM  95    1996  78      9       94
                                      1943
  MINIMUM         47    558 AM  25    2013  49     -2       49
  AVERAGE         67                        63      4       72

PRECIPITATION (IN)
  YESTERDAY        0.00          1.81 1911   0.05  -0.05     0.00
  MONTH TO DATE    T                         1.06  -1.06     0.81
  SINCE MAR 1      0.87                      2.16  -1.29     1.48
  SINCE JAN 1      1.07                      3.56  -2.49     4.40

SNOWFALL (IN)
  YESTERDAY        0.0           0.0  2002   0.0    0.0      0.0
  MONTH TO DATE    0.0                       0.2   -0.2      0.0
  SINCE MAR 1      0.0                       0.8   -0.8      0.0
  SINCE JUL 1      0.3                       8.2   -7.9      0.2
  SNOW DEPTH       0

DEGREE DAYS
 HEATING
  YESTERDAY        0                         4     -4        0
  MONTH TO DATE  186                       161     25      100
  SINCE MAR 1    471                       576   -105      320
  SINCE JUL 1   2992                      3315   -323     2404

 COOLING
  YESTERDAY        2                         2      0        7
  MONTH TO DATE   37                        33      4       66
  SINCE MAR 1     64                        40     24      112
  SINCE JAN 1     67                        40     27      116
..................................................................


WIND (MPH)
  RESULTANT WIND SPEED   9   RESULTANT WIND DIRECTION   E (90)
  HIGHEST WIND SPEED    35   HIGHEST WIND DIRECTION    NE (30)
  HIGHEST GUST SPEED    43   HIGHEST GUST DIRECTION    NE (30)
  AVERAGE WIND SPEED    14.5


SKY COVER
  AVERAGE SKY COVER 0.5


WEATHER CONDITIONS
 THE FOLLOWING WEATHER WAS RECORDED YESTERDAY.
  THUNDERSTORM


RELATIVE HUMIDITY (PERCENT)
 HIGHEST    66           500 AM
 LOWEST     23           400 PM
 AVERAGE    45

..........................................................


THE LUBBOCK CLIMATE NORMALS FOR TODAY
                         NORMAL    RECORD    YEAR
 MAXIMUM TEMPERATURE (F)   78       104      2012
 MINIMUM TEMPERATURE (F)   49        35      1947
                                             1927
                                             1918


SUNRISE AND SUNSET
APRIL 25 2018.........SUNRISE   705 AM CDT   SUNSET   826 PM CDT
APRIL 26 2018.........SUNRISE   704 AM CDT   SUNSET   827 PM CDT


-  INDICATES NEGATIVE NUMBERS.
R  INDICATES RECORD WAS SET OR TIED.
MM INDICATES DATA IS MISSING.
T  INDICATES TRACE AMOUNT.




$$
