000
CDUS42 KILM 200841
CLILBT


CLIMATE REPORT
NATIONAL WEATHER SERVICE WILMINGTON NC
441 AM EDT FRI APR 20 2018


...................................

...THE LUMBERTON NORTH CAROLINA CLIMATE SUMMARY FOR APRIL 19 2018...

CLIMATE NORMAL PERIOD 1981 TO 2010
CLIMATE RECORD PERIOD 1903 TO 2018


WEATHER ITEM   OBSERVED TIME   RECORD YEAR NORMAL DEPARTURE LAST
                VALUE   (LST)  VALUE       VALUE  FROM      YEAR
                                                  NORMAL
..................................................................
TEMPERATURE (F)
 YESTERDAY
  MAXIMUM         83    143 PM  95    1941  75      8       80
  MINIMUM         48   1159 PM  29    1983  50     -2       58
  AVERAGE         66                        62      4       69

PRECIPITATION (IN)
  YESTERDAY        0.00          1.96 1943   0.10  -0.10     0.55
  MONTH TO DATE    1.72                      1.85  -0.13     2.88
  SINCE MAR 1      4.04                      5.18  -1.14     6.78
  SINCE JAN 1      7.05                     11.05  -4.00    10.27

SNOWFALL (IN)
  YESTERDAY       MM            MM      MM  MM
  MONTH TO DATE   MM                        MM
  SINCE MAR 1     MM                        MM
  SINCE JUL 1     MM                        MM
  SNOW DEPTH      MM

DEGREE DAYS
 HEATING
  YESTERDAY        0                         4     -4        0
  MONTH TO DATE  139                       115     24       44
  SINCE MAR 1    601                       461    140      409
  SINCE JUL 1   2689                      2691     -2     2056

 COOLING
  YESTERDAY        1                         2     -1        4
  MONTH TO DATE   25                        30     -5       42
  SINCE MAR 1     30                        40    -10       69
  SINCE JAN 1     75                        43     32       79
..................................................................


WIND (MPH)
  RESULTANT WIND SPEED   9   RESULTANT WIND DIRECTION   W (270)
  HIGHEST WIND SPEED    26   HIGHEST WIND DIRECTION     W (270)
  HIGHEST GUST SPEED    34   HIGHEST GUST DIRECTION    SW (230)
  AVERAGE WIND SPEED    15.2


SKY COVER
  POSSIBLE SUNSHINE  MM
  AVERAGE SKY COVER 0.1


WEATHER CONDITIONS
 THE FOLLOWING WEATHER WAS RECORDED YESTERDAY.
  NO SIGNIFICANT WEATHER WAS OBSERVED.


RELATIVE HUMIDITY (PERCENT)
 HIGHEST    66           800 AM
 LOWEST     29           500 PM
 AVERAGE    48

..........................................................


THE LUMBERTON NORTH CAROLINA CLIMATE NORMALS FOR TODAY
                         NORMAL    RECORD    YEAR
 MAXIMUM TEMPERATURE (F)   76        95      1925
                                             1917
 MINIMUM TEMPERATURE (F)   50        25      1983


SUNRISE AND SUNSET
APRIL 20 2018.........SUNRISE   639 AM EDT   SUNSET   752 PM EDT
APRIL 21 2018.........SUNRISE   637 AM EDT   SUNSET   753 PM EDT


-  INDICATES NEGATIVE NUMBERS.
R  INDICATES RECORD WAS SET OR TIED.
MM INDICATES DATA IS MISSING.
T  INDICATES TRACE AMOUNT.




$$
