000
CDHW41 PHFO 201245
CLILIH


CLIMATE REPORT
NATIONAL WEATHER SERVICE HONOLULU HI
245 AM HST FRI APR 20 2018


...................................

...THE LIHUE HI CLIMATE SUMMARY FOR APRIL 19 2018...

CLIMATE NORMAL PERIOD 1981 TO 2010
CLIMATE RECORD PERIOD 1946 TO 2018


WEATHER ITEM   OBSERVED TIME   RECORD YEAR NORMAL DEPARTURE LAST
                VALUE   (LST)  VALUE       VALUE  FROM      YEAR
                                                  NORMAL
..................................................................
TEMPERATURE (F)
 YESTERDAY
  MAXIMUM         79    115 PM  85    1981  79      0       84
                                      1978
  MINIMUM         72   1159 PM  59    1967  69      3       68
                                      1966
  AVERAGE         76                        74      2       76

PRECIPITATION (IN)
  YESTERDAY        0.39          2.00 1977   0.06   0.33      T
  MONTH TO DATE    5.41                      1.58   3.83     0.95
  SINCE MAR 1     14.44                      6.19   8.25     5.06
  SINCE JAN 1     23.47                     13.10  10.37    11.54

SNOWFALL (IN)
  YESTERDAY        0.0
  MONTH TO DATE    0.0
  SINCE MAR 1      0.0
  SINCE JUL 1      0.0
  SNOW DEPTH      MM

DEGREE DAYS
 HEATING
  YESTERDAY        0                         0      0        0
  MONTH TO DATE    0                         0      0        0
  SINCE MAR 1      0                         0      0        0
  SINCE JUL 1      0                         0      0        0

 COOLING
  YESTERDAY       11                         9      2       11
  MONTH TO DATE  182                       170     12      222
  SINCE MAR 1    430                       409     21      502
  SINCE JAN 1    881                       804     77      943
..................................................................


WIND (MPH)
  HIGHEST WIND SPEED    22   HIGHEST WIND DIRECTION    NE (60)
  HIGHEST GUST SPEED    32   HIGHEST GUST DIRECTION     E (70)
  AVERAGE WIND SPEED    16.6


SKY COVER
  POSSIBLE SUNSHINE  MM
  AVERAGE SKY COVER  MM


WEATHER CONDITIONS
 THE FOLLOWING WEATHER WAS RECORDED YESTERDAY.
  FOG


RELATIVE HUMIDITY (PERCENT)
 HIGHEST    MM
 LOWEST     MM
 AVERAGE    MM

..........................................................


THE LIHUE HI CLIMATE NORMALS FOR TODAY
                         NORMAL    RECORD    YEAR
 MAXIMUM TEMPERATURE (F)   79        84      1981
 MINIMUM TEMPERATURE (F)   69        58      1966


SUNRISE AND SUNSET
APRIL 20 2018.........SUNRISE   614 AM HST   SUNSET   659 PM HST
APRIL 21 2018.........SUNRISE   613 AM HST   SUNSET   700 PM HST


-  INDICATES NEGATIVE NUMBERS.
R  INDICATES RECORD WAS SET OR TIED.
MM INDICATES DATA IS MISSING.
T  INDICATES TRACE AMOUNT.




$$
