000
CDUS45 KPIH 252330
CLILLJ


CLIMATE REPORT
NATIONAL WEATHER SERVICE POCATELLO ID
525 PM MDT WED APR 25 2018


...................................

...THE CHALLIS ID CLIMATE SUMMARY FOR APRIL 25 2018...
VALID TODAY AS OF 0500 PM LOCAL TIME.

CLIMATE NORMAL PERIOD 1981 TO 2010
CLIMATE RECORD PERIOD 1898 TO 2018


WEATHER ITEM   OBSERVED TIME   RECORD YEAR NORMAL DEPARTURE LAST
                VALUE   (LST)  VALUE       VALUE  FROM      YEAR
                                                  NORMAL
..................................................................
TEMPERATURE (F)
 TODAY
  MAXIMUM         72    356 PM  83    1977  60     12       56
  MINIMUM         29    552 AM  18    1921  31     -2       33
  AVERAGE         51                        46      5       45

PRECIPITATION (IN)
  TODAY            0.00          0.45 1995   0.03  -0.03     0.00
  MONTH TO DATE    0.40                      0.65  -0.25     0.43
  SINCE OCT 1      2.87                      4.42  -1.55     6.64
  SINCE JAN 1      1.73                      2.49  -0.76     3.23

SNOWFALL (IN)
  TODAY           MM
  MONTH TO DATE   MM
  SINCE MAR 1     MM
  SINCE JUL 1     MM
  SNOW DEPTH      MM

DEGREE DAYS
 HEATING
  TODAY           14                        19     -5       20
  MONTH TO DATE  493                       553    -60      567
  SINCE MAR 1   1406                      1449    -43     1317
  SINCE JUL 1   6680                      7498   -818     7762

 COOLING
  TODAY            0                         0      0        0
  MONTH TO DATE    0                         0      0        0
  SINCE MAR 1      0                         0      0        0
  SINCE JAN 1      0                         0      0        0
..................................................................


WIND (MPH)
  HIGHEST WIND SPEED    20   HIGHEST WIND DIRECTION    NW (320)
  HIGHEST GUST SPEED    28   HIGHEST GUST DIRECTION    NW (330)
  AVERAGE WIND SPEED     4.3


SKY COVER
  POSSIBLE SUNSHINE  MM
  AVERAGE SKY COVER 0.0


WEATHER CONDITIONS
 THE FOLLOWING WEATHER WAS RECORDED TODAY.
  NO SIGNIFICANT WEATHER WAS OBSERVED.


RELATIVE HUMIDITY (PERCENT)
 HIGHEST    59           500 AM
 LOWEST     14           200 PM
 AVERAGE    37

..........................................................


THE CHALLIS ID CLIMATE NORMALS FOR TOMORROW
                         NORMAL    RECORD    YEAR
 MAXIMUM TEMPERATURE (F)   60        82      1927
 MINIMUM TEMPERATURE (F)   32        16      1924


SUNRISE AND SUNSET
APRIL 25 2018.........SUNRISE   636 AM MDT   SUNSET   834 PM MDT
APRIL 26 2018.........SUNRISE   635 AM MDT   SUNSET   835 PM MDT


-  INDICATES NEGATIVE NUMBERS.
R  INDICATES RECORD WAS SET OR TIED.
MM INDICATES DATA IS MISSING.
T  INDICATES TRACE AMOUNT.




$$
