000
CDUS44 KCRP 200730 RRA
CLILRD

CLIMATE REPORT
NATIONAL WEATHER SERVICE CORPUS CHRISTI TX
230 AM CDT SUN MAY 20 2018


...THE LAREDO CLIMATE SUMMARY FOR MAY 19 2018...

CLIMATE NORMAL PERIOD 1981 TO 2010
CLIMATE RECORD PERIOD 1900 TO 2018


WEATHER ITEM   OBSERVED TIME   RECORD YEAR NORMAL DEPARTURE LAST
                VALUE   (LST)  VALUE       VALUE  FROM      YEAR
                                                  NORMAL
..................................................................
TEMPERATURE (F)
 YESTERDAY
  MAXIMUM         99    330 PM 110    1902  94      5      103
  MINIMUM         77    556 AM  54    1986  72      5       79
  AVERAGE         88                        83      5       91

PRECIPITATION (IN)
  YESTERDAY        0.00          2.70 1942   0.08  -0.08     0.00
  MONTH TO DATE    0.02                      1.52  -1.50      T
  SINCE MAR 1      2.19                      4.06  -1.87     3.82
  SINCE JAN 1      2.48                      5.90  -3.42     4.79

SNOWFALL (IN)
  YESTERDAY        0.0
  MONTH TO DATE    0.0
  SINCE MAR 1      0.0
  SINCE JUL 1      1.3

DEGREE DAYS
 HEATING
  YESTERDAY        0                         0      0        0
  MONTH TO DATE    0                         0      0        0
  SINCE MAR 1      9                        82    -73       16
  SINCE JUL 1    845                       926    -81      396

 COOLING
  YESTERDAY       23                        18      5       26
  MONTH TO DATE  369                       310     59      333
  SINCE MAR 1    949                       825    124     1001
  SINCE JAN 1   1083                       910    173     1307
..................................................................


WIND (MPH)
  HIGHEST WIND SPEED    MM   HIGHEST WIND DIRECTION    MM
  HIGHEST GUST SPEED    MM   HIGHEST GUST DIRECTION    MM
  AVERAGE WIND SPEED    MM


SKY COVER
  POSSIBLE SUNSHINE  MM
  AVERAGE SKY COVER 0.2


WEATHER CONDITIONS
 THE FOLLOWING WEATHER WAS RECORDED YESTERDAY.
  THUNDERSTORM


RELATIVE HUMIDITY (PERCENT)
 HIGHEST    76           200 AM
 LOWEST     33           300 PM

..........................................................


THE LAREDO CLIMATE NORMALS FOR TODAY
                         NORMAL    RECORD    YEAR
 MAXIMUM TEMPERATURE (F)   94       109      1990
 MINIMUM TEMPERATURE (F)   72        45      1984


SUNRISE AND SUNSET
MAY 20 2018...........SUNRISE   647 AM CDT   SUNSET   823 PM CDT
MAY 21 2018...........SUNRISE   646 AM CDT   SUNSET   823 PM CDT


-  INDICATES NEGATIVE NUMBERS.
R  INDICATES RECORD WAS SET OR TIED.
MM INDICATES DATA IS MISSING.
T  INDICATES TRACE AMOUNT.

$$

TMT
