000
CDUS45 KTFX 222240
CLILWT


CLIMATE REPORT
NATIONAL WEATHER SERVICE GREAT FALLS MT
440 PM MDT SUN APR 22 2018


...................................

...THE LEWISTOWN MT CLIMATE SUMMARY FOR APRIL 22 2018...
VALID TODAY AS OF 0400 PM LOCAL TIME.

CLIMATE NORMAL PERIOD 1981 TO 2010
CLIMATE RECORD PERIOD 1896 TO 2018


WEATHER ITEM   OBSERVED TIME   RECORD YEAR NORMAL DEPARTURE LAST
                VALUE   (LST)  VALUE       VALUE  FROM      YEAR
                                                  NORMAL
..................................................................
TEMPERATURE (F)
 TODAY
  MAXIMUM         60    243 PM  86    1906  56      4       59
  MINIMUM         32    341 AM   1    1967  31      1       37
  AVERAGE         46                        43      3       48

PRECIPITATION (IN)
  TODAY            0.00          0.91 2011   0.05  -0.05     0.00
  MONTH TO DATE    1.31                      0.96   0.35     1.68
  SINCE OCT 1      6.03                      5.46   0.57     7.54
  SINCE JAN 1      4.03                      2.96   1.07     3.14

DEGREE DAYS
 HEATING
  TODAY           19                        22     -3       17
  MONTH TO DATE  671                       543    128      496
  SINCE MAR 1   1769                      1538    231     1378
  SINCE JUL 1   7895                      7342    553     7189

 COOLING
  TODAY            0                         0      0        0
  MONTH TO DATE    0                         0      0        0
  SINCE MAR 1      0                         0      0        0
  SINCE JAN 1      0                         0      0        0
..................................................................


WIND (MPH)
  HIGHEST WIND SPEED    18   HIGHEST WIND DIRECTION     W (250)
  HIGHEST GUST SPEED    22   HIGHEST GUST DIRECTION    SW (240)
  AVERAGE WIND SPEED     7.1


SKY COVER
  AVERAGE SKY COVER 0.5


WEATHER CONDITIONS
 THE FOLLOWING WEATHER WAS RECORDED TODAY.
  NO SIGNIFICANT WEATHER WAS OBSERVED.


RELATIVE HUMIDITY (PERCENT)
 HIGHEST    64
 LOWEST     28
 AVERAGE    46

..........................................................


THE LEWISTOWN MT CLIMATE NORMALS FOR TOMORROW
                         NORMAL    RECORD    YEAR
 MAXIMUM TEMPERATURE (F)   56        83      2012
 MINIMUM TEMPERATURE (F)   31        13      2013
                                             1931


SUNRISE AND SUNSET
APRIL 22 2018.........SUNRISE   617 AM MDT   SUNSET   816 PM MDT
APRIL 23 2018.........SUNRISE   615 AM MDT   SUNSET   818 PM MDT


-  INDICATES NEGATIVE NUMBERS.
R  INDICATES RECORD WAS SET OR TIED.
MM INDICATES DATA IS MISSING.
T  INDICATES TRACE AMOUNT.




$$
