000
CDUS41 KRNK 230734
CLILYH


CLIMATE REPORT
NATIONAL WEATHER SERVICE BLACKSBURG VA
333 AM EDT WED MAY 23 2018


...................................

...THE LYNCHBURG VA CLIMATE SUMMARY FOR MAY 22 2018...

CLIMATE NORMAL PERIOD 1981 TO 2010
CLIMATE RECORD PERIOD 1893 TO 2018


WEATHER ITEM   OBSERVED TIME   RECORD YEAR NORMAL DEPARTURE LAST
                VALUE   (LST)  VALUE       VALUE  FROM      YEAR
                                                  NORMAL
..................................................................
TEMPERATURE (F)
 YESTERDAY
  MAXIMUM         83    258 PM 100    1941  77      6       79
  MINIMUM         66   1152 PM  36    1997  53     13       58
  AVERAGE         75                        65     10       69

PRECIPITATION (IN)
  YESTERDAY        0.19          2.51 1901   0.13   0.06     0.78
  MONTH TO DATE    5.97                      2.55   3.42     5.63
  SINCE MAR 1     13.84                      9.44   4.40    12.47
  SINCE JAN 1     22.50                     15.51   6.99    16.85

SNOWFALL (IN)
  YESTERDAY        0.0                                       0.0
  MONTH TO DATE    0.0                                       0.0
  SINCE MAR 1      8.2                                        T
  SINCE JUL 1     13.9                                       5.9
  SNOW DEPTH       0

DEGREE DAYS
 HEATING
  YESTERDAY        0                         3     -3        0
  MONTH TO DATE   10                       101    -91       85
  SINCE MAR 1   1091                      1000     91      784
  SINCE JUL 1   4319                      4424   -105     3493

 COOLING
  YESTERDAY       10                         3      7        4
  MONTH TO DATE  114                        34     80       51
  SINCE MAR 1    125                        52     73      103
  SINCE JAN 1    125                        52     73      104
..................................................................


WIND (MPH)
  HIGHEST WIND SPEED    14   HIGHEST WIND DIRECTION    NW (300)
  HIGHEST GUST SPEED    22   HIGHEST GUST DIRECTION    NW (320)
  AVERAGE WIND SPEED     4.2


SKY COVER
  AVERAGE SKY COVER 0.8


WEATHER CONDITIONS
 THE FOLLOWING WEATHER WAS RECORDED YESTERDAY.
  THUNDERSTORM
  HEAVY RAIN
  RAIN
  LIGHT RAIN
  FOG


RELATIVE HUMIDITY (PERCENT)
 HIGHEST   100           100 AM
 LOWEST     62           500 PM
 AVERAGE    81

..........................................................


THE LYNCHBURG VA CLIMATE NORMALS FOR TODAY
                         NORMAL    RECORD    YEAR
 MAXIMUM TEMPERATURE (F)   77        94      1941
                                             1925
 MINIMUM TEMPERATURE (F)   53        33      2002


SUNRISE AND SUNSET
MAY 23 2018...........SUNRISE   602 AM EDT   SUNSET   825 PM EDT
MAY 24 2018...........SUNRISE   602 AM EDT   SUNSET   826 PM EDT


-  INDICATES NEGATIVE NUMBERS.
R  INDICATES RECORD WAS SET OR TIED.
MM INDICATES DATA IS MISSING.
T  INDICATES TRACE AMOUNT.




$$
