000
CDUS46 KHNX 210832
CLIMAE


CLIMATE REPORT
NATIONAL WEATHER SERVICE SAN JOAQUIN VALLEY, CA
131 AM PDT SAT APR 21 2018


...................................

...THE MADERA CA AIRPORT CLIMATE SUMMARY FOR APRIL 20 2018...

CLIMATE NORMAL PERIOD 1981 TO 2010
CLIMATE RECORD PERIOD 1998 TO 2018


WEATHER ITEM   OBSERVED TIME   RECORD YEAR NORMAL DEPARTURE
                VALUE   (LST)  VALUE       VALUE  FROM
                                                  NORMAL
...............................................................
TEMPERATURE (F)
 YESTERDAY
  MAXIMUM         77    331 PM  96    2009  76      1
  MINIMUM         44    540 AM  36    2008  46     -2
  AVERAGE         61                        61      0

PRECIPITATION (IN)
  YESTERDAY        0.00          0.49 2010   0.03  -0.03
  MONTH TO DATE    0.71                      0.64   0.07
  SINCE OCT 1      7.22                     10.75  -3.53
  SINCE JAN 1      6.81                      7.02  -0.21

SNOWFALL (IN)
  YESTERDAY        0.0
  MONTH TO DATE    0.0
  SINCE MAR 1      0.0
  SINCE JUL 1      0.0
  SNOW DEPTH       0

DEGREE DAYS
 HEATING
  YESTERDAY        4
  MONTH TO DATE  107
  SINCE MAR 1    412
  SINCE JUL 1   2109

 COOLING
  YESTERDAY        0
  MONTH TO DATE    4
  SINCE MAR 1      6
  SINCE JAN 1      6
...............................................................


WIND (MPH)
  HIGHEST WIND SPEED    13   HIGHEST WIND DIRECTION     N (360)
  HIGHEST GUST SPEED    16   HIGHEST GUST DIRECTION     N (360)
  AVERAGE WIND SPEED     4.2




RELATIVE HUMIDITY (PERCENT)
 HIGHEST    89
 LOWEST     33
 AVERAGE    61

..........................................................


THE MADERA CA AIRPORT CLIMATE NORMALS FOR TODAY
                         NORMAL    RECORD    YEAR
 MAXIMUM TEMPERATURE (F)   76        98      2009
 MINIMUM TEMPERATURE (F)   46        35      2008


SUNRISE AND SUNSET
APRIL 21 2018.........SUNRISE   618 AM PDT   SUNSET   741 PM PDT
APRIL 22 2018.........SUNRISE   617 AM PDT   SUNSET   742 PM PDT


-  INDICATES NEGATIVE NUMBERS.
R  INDICATES RECORD WAS SET OR TIED.
MM INDICATES DATA IS MISSING.
T  INDICATES TRACE AMOUNT.




$$
