000
CDUS44 KMAF 220731
CLIMAF


CLIMATE REPORT
NATIONAL WEATHER SERVICE MIDLAND TX
231 AM CDT TUE MAY 22 2018


...................................

...THE MIDLAND CLIMATE SUMMARY FOR MAY 21 2018...

CLIMATE NORMAL PERIOD 1981 TO 2010
CLIMATE RECORD PERIOD 1930 TO 2018


WEATHER ITEM   OBSERVED TIME   RECORD YEAR NORMAL DEPARTURE LAST
                VALUE   (LST)  VALUE       VALUE  FROM      YEAR
                                                  NORMAL
..................................................................
TEMPERATURE (F)
 YESTERDAY
  MAXIMUM         87    518 PM 105    1953  89     -2       71
  MINIMUM         62    606 AM  49    1967  61      1       58
  AVERAGE         75                        75      0       65

PRECIPITATION (IN)
  YESTERDAY        0.00          0.55 1993   0.06  -0.06      T
  MONTH TO DATE    0.68                      1.01  -0.33     0.38
  SINCE MAR 1      0.79                      2.26  -1.47     3.34
  SINCE JAN 1      0.84                      3.53  -2.69     5.18

DEGREE DAYS
 COOLING
  YESTERDAY       10                        10      0        0
  MONTH TO DATE  322                       165    157      178
  SINCE MAR 1    482                       271    211      437
  SINCE JAN 1    489                       273    216      454
..................................................................


WIND (MPH)
  HIGHEST WIND SPEED    23   HIGHEST WIND DIRECTION     E (110)
  HIGHEST GUST SPEED    28   HIGHEST GUST DIRECTION     E (100)
  AVERAGE WIND SPEED    13.4


SKY COVER
  POSSIBLE SUNSHINE  MM
  AVERAGE SKY COVER 0.2


WEATHER CONDITIONS
 THE FOLLOWING WEATHER WAS RECORDED YESTERDAY.
  FOG


RELATIVE HUMIDITY (PERCENT)
 HIGHEST    93           500 AM
 LOWEST     37           500 PM
 AVERAGE    65

..........................................................


THE MIDLAND CLIMATE NORMALS FOR TODAY
                         NORMAL    RECORD    YEAR
 MAXIMUM TEMPERATURE (F)   89       107      1953
 MINIMUM TEMPERATURE (F)   62        48      1931


SUNRISE AND SUNSET
MAY 22 2018...........SUNRISE   647 AM CDT   SUNSET   844 PM CDT
MAY 23 2018...........SUNRISE   647 AM CDT   SUNSET   844 PM CDT


-  INDICATES NEGATIVE NUMBERS.
R  INDICATES RECORD WAS SET OR TIED.
MM INDICATES DATA IS MISSING.
T  INDICATES TRACE AMOUNT.




$$
