000
CDUS43 KABR 201339
CLIMBG


CLIMATE REPORT
NATIONAL WEATHER SERVICE ABERDEEN SD
839 AM CDT FRI APR 20 2018


...................................

...THE MOBRIDGE SD CLIMATE SUMMARY FOR APRIL 19 2018...

CLIMATE NORMAL PERIOD 1981 TO 2010
CLIMATE RECORD PERIOD 1911 TO 2018


WEATHER ITEM   OBSERVED TIME   RECORD YEAR NORMAL DEPARTURE LAST
                VALUE   (LST)  VALUE       VALUE  FROM      YEAR
                                                  NORMAL
..................................................................
TEMPERATURE (F)
 YESTERDAY
  MAXIMUM         57    351 PM  89    1961  60     -3       47
  MINIMUM         25    247 AM  14    1928  34     -9       40
  AVERAGE         41                        47     -6       44

PRECIPITATION (IN)
  YESTERDAY        0.00          0.97 2000   0.05  -0.05     0.40
  MONTH TO DATE    0.94                      0.75   0.19     0.48
  SINCE MAR 1      1.88                      1.65   0.23     1.10
  SINCE JAN 1      2.89                      2.38   0.51     1.86

SNOWFALL (IN)
  YESTERDAY        0.0
  MONTH TO DATE    8.8
  SINCE OCT 1     48.4
  SINCE JUL 1     48.4
  SNOW DEPTH       0

DEGREE DAYS
 HEATING
  YESTERDAY       24                        18      6       21
  MONTH TO DATE  670                       419    251      311
  SINCE MAR 1   1773                      1446    327     1246
  SINCE JUL 1   7643                      7421    222     6683

 COOLING
  YESTERDAY        0                         0      0        0
  MONTH TO DATE    0                         0      0        0
  SINCE MAR 1      0                         0      0        0
  SINCE JAN 1      0                         0      0        0
..................................................................


WIND (MPH)
  HIGHEST WIND SPEED    16   HIGHEST WIND DIRECTION    SE (150)
  HIGHEST GUST SPEED    21   HIGHEST GUST DIRECTION    SE (130)
  AVERAGE WIND SPEED     6.9


SKY COVER
  POSSIBLE SUNSHINE  MM
  AVERAGE SKY COVER 0.0


WEATHER CONDITIONS
 THE FOLLOWING WEATHER WAS RECORDED YESTERDAY.
  NO SIGNIFICANT WEATHER WAS OBSERVED.


RELATIVE HUMIDITY (PERCENT)
 HIGHEST    92           700 AM
 LOWEST     35           100 PM
 AVERAGE    64

..........................................................


THE MOBRIDGE SD CLIMATE NORMALS FOR TODAY
                         NORMAL    RECORD    YEAR
 MAXIMUM TEMPERATURE (F)   60        93      1980
 MINIMUM TEMPERATURE (F)   34        10      1966


SUNRISE AND SUNSET
APRIL 20 2018.........SUNRISE   647 AM CDT   SUNSET   835 PM CDT
APRIL 21 2018.........SUNRISE   646 AM CDT   SUNSET   836 PM CDT


-  INDICATES NEGATIVE NUMBERS.
R  INDICATES RECORD WAS SET OR TIED.
MM INDICATES DATA IS MISSING.
T  INDICATES TRACE AMOUNT.




$$
