000
CDUS43 KDTX 192027
CLIMBS


CLIMATE REPORT
NATIONAL WEATHER SERVICE DETROIT/PONTIAC MI
426 PM EDT THU APR 19 2018


...................................

...THE TRI CITIES MI CLIMATE SUMMARY FOR APRIL 19 2018...
VALID TODAY AS OF 0400 PM LOCAL TIME.

CLIMATE NORMAL PERIOD 1981 TO 2010
CLIMATE RECORD PERIOD 1898 TO 2018


WEATHER ITEM   OBSERVED TIME   NORMAL DEPARTURE LAST
                VALUE   (LST)  VALUE  FROM      YEAR
                                      NORMAL
......................................................
TEMPERATURE (F)
 TODAY
  MAXIMUM         50    259 PM  58     -8       73
  MINIMUM         30    528 AM  37     -7       48
  AVERAGE         40            48     -8       61

PRECIPITATION (IN)
  TODAY            0.00          0.10  -0.10     0.01
  MONTH TO DATE    2.47          1.80   0.67     3.75
  SINCE MAR 1      3.16          3.86  -0.70     6.55
  SINCE JAN 1      7.09          7.18  -0.09    11.06

SNOWFALL (IN)
  TODAY            0.0           0.0    0.0      0.0
  MONTH TO DATE    5.5           1.5    4.0       T
  SINCE MAR 1     10.3           7.9    2.4      7.5
  SINCE JUL 1     41.4          41.3    0.1     37.4
  SNOW DEPTH       0

DEGREE DAYS
 HEATING
  TODAY           25            18      7        4
  MONTH TO DATE  583           403    180      287
  SINCE MAR 1   1580          1372    208     1277
  SINCE JUL 1   6436          6471    -35     5446

 COOLING
  TODAY            0             0      0        0
  MONTH TO DATE    0             0      0        0
  SINCE MAR 1      0             0      0        0
  SINCE JAN 1      0             0      0        0
......................................................


WIND (MPH)
  HIGHEST WIND SPEED    23   HIGHEST WIND DIRECTION    NW (330)
  HIGHEST GUST SPEED    29   HIGHEST GUST DIRECTION     N (340)
  AVERAGE WIND SPEED    13.2


SKY COVER
  AVERAGE SKY COVER 0.0


WEATHER CONDITIONS
 THE FOLLOWING WEATHER WAS RECORDED TODAY.
  NO SIGNIFICANT WEATHER WAS OBSERVED.


..........................................................


THE TRI CITIES MI CLIMATE NORMALS FOR TOMORROW
                         NORMAL
 MAXIMUM TEMPERATURE (F)   58
 MINIMUM TEMPERATURE (F)   38


SUNRISE AND SUNSET
APRIL 19 2018.........SUNRISE   647 AM EDT   SUNSET   824 PM EDT
APRIL 20 2018.........SUNRISE   646 AM EDT   SUNSET   826 PM EDT


-  INDICATES NEGATIVE NUMBERS.
R  INDICATES RECORD WAS SET OR TIED.
MM INDICATES DATA IS MISSING.
T  INDICATES TRACE AMOUNT.




$$
