000
CDUS43 KEAX 240633
CLIMCI

CLIMATE REPORT
NATIONAL WEATHER SERVICE KANSAS CITY/PLEASANT HILL MO
132 AM CDT TUE APR 24 2018


...................................

...THE KANSAS CITY INTERNATIONAL MO CLIMATE SUMMARY FOR APRIL 23 2018...

CLIMATE NORMAL PERIOD 1981 TO 2010
CLIMATE RECORD PERIOD 1888 TO 2018


WEATHER ITEM   OBSERVED TIME   RECORD YEAR NORMAL DEPARTURE LAST
                VALUE   (LST)  VALUE       VALUE  FROM      YEAR
                                                  NORMAL
..................................................................
TEMPERATURE (F)
 YESTERDAY
  MAXIMUM         75    423 PM  90    1965  68      7       71
  MINIMUM         52    600 AM  32    1893  47      5       42
  AVERAGE         64                        57      7       57

PRECIPITATION (IN)
  YESTERDAY        0.00          4.49 1975   0.15  -0.15     0.00
  MONTH TO DATE    0.59                      2.65  -2.06     4.27
  SINCE MAR 1      2.24                      5.02  -2.78     7.08
  SINCE JAN 1      4.69                      7.55  -2.86     8.53

SNOWFALL (IN)
  YESTERDAY        0.0           T    2013   0.0    0.0      0.0
  MONTH TO DATE    1.9                       0.6    1.3      0.0
  SINCE MAR 1      1.9                       2.6   -0.7      0.4
  SINCE JUL 1      7.7                      18.8  -11.1      4.9
  SNOW DEPTH       0

DEGREE DAYS
 HEATING
  YESTERDAY        1                         9     -8        8
  MONTH TO DATE  480                       277    203      169
  SINCE MAR 1   1135                       923    212      694
  SINCE JUL 1   5062                      4968     94     3948

 COOLING
  YESTERDAY        0                         1     -1        0
  MONTH TO DATE    6                        17    -11       27
  SINCE MAR 1      6                        20    -14       33
  SINCE JAN 1      6                        20    -14       33
..................................................................


WIND (MPH)
  HIGHEST WIND SPEED    20   HIGHEST WIND DIRECTION    NE (30)
  HIGHEST GUST SPEED    26   HIGHEST GUST DIRECTION    NE (40)
  AVERAGE WIND SPEED     9.3


SKY COVER
  POSSIBLE SUNSHINE  MM
  AVERAGE SKY COVER 0.5


WEATHER CONDITIONS
 THE FOLLOWING WEATHER WAS RECORDED YESTERDAY.
  NO SIGNIFICANT WEATHER WAS OBSERVED.


RELATIVE HUMIDITY (PERCENT)
 HIGHEST    50          1200 AM
 LOWEST     19           300 PM
 AVERAGE    35

..........................................................


THE KANSAS CITY INTERNATIONAL MO CLIMATE NORMALS FOR TODAY
                         NORMAL    RECORD    YEAR
 MAXIMUM TEMPERATURE (F)   68        90      1989
 MINIMUM TEMPERATURE (F)   47        27      1967


SUNRISE AND SUNSET
APRIL 24 2018.........SUNRISE   629 AM CDT   SUNSET   805 PM CDT
APRIL 25 2018.........SUNRISE   628 AM CDT   SUNSET   806 PM CDT


-  INDICATES NEGATIVE NUMBERS.
R  INDICATES RECORD WAS SET OR TIED.
MM INDICATES DATA IS MISSING.
T  INDICATES TRACE AMOUNT.


&&

...MISCELLANEOUS CLIMATE DATA FROM YESTERDAY...

LOCATION                HIGH    LOW      PRECIP
ST. JOSEPH               77      46       0.00
DOWNTOWN KANSAS CITY     77      51       0.00
OLATHE NEW CENTURY       76      52       0.00
OLATHE JO CO EXEC        75      54       0.00
LEES SUMMIT              75      54       0.00
KIRKSVILLE               71      49       0.00
CHILLICOTHE              76      48       0.00
SEDALIA                  72      53       0.00
NWS PLEASANT HILL MO     M       53       0.00


THIS PRODUCT...ALONG WITH OTHER WEATHER...HYDROLOGICAL AND CLIMATE
INFORMATION...IS AVAILABLE ON THE WEB AT HTTP://WWW.WEATHER.GOV/EAX
OR AT HTTP://WEATHER.GOV

$$
