000
CDUS42 KMLB 190631
CLIMCO


CLIMATE REPORT
NATIONAL WEATHER SERVICE MELBOURNE FL
231 AM EDT THU APR 19 2018


...................................

...THE ORLANDO INTL CLIMATE SUMMARY FOR APRIL 18 2018...

CLIMATE NORMAL PERIOD 1981 TO 2010
CLIMATE RECORD PERIOD 1892 TO 2018


WEATHER ITEM   OBSERVED TIME   RECORD YEAR NORMAL DEPARTURE LAST
                VALUE   (LST)  VALUE       VALUE  FROM      YEAR
                                                  NORMAL
..................................................................
TEMPERATURE (F)
 YESTERDAY
  MAXIMUM         88    446 PM  93    1922  83      5       90
  MINIMUM         50    611 AM  45    1905  60    -10       60
  AVERAGE         69                        72     -3       75

PRECIPITATION (IN)
  YESTERDAY        0.00          1.81 1951   0.09  -0.09     0.00
  MONTH TO DATE    2.06                      1.74   0.32      T
  SINCE MAR 1      2.89                      5.51  -2.62     0.10
  SINCE JAN 1      5.35                     10.24  -4.89     3.03

SNOWFALL (IN)
  YESTERDAY        0.0
  MONTH TO DATE    0.0
  SINCE JUL 1      0.0

DEGREE DAYS
 HEATING
  YESTERDAY        0                         0      0        0
  MONTH TO DATE    0                        11    -11        3
  SINCE MAR 1     83                        70     13       40
  SINCE JUL 1    467                       569   -102      209

 COOLING
  YESTERDAY        4                         7     -3       10
  MONTH TO DATE  139                       104     35      153
  SINCE MAR 1    232                       222     10      316
  SINCE JAN 1    479                       326    153      517
..................................................................


WIND (MPH)
  HIGHEST WIND SPEED    14   HIGHEST WIND DIRECTION    SE (130)
  HIGHEST GUST SPEED    17   HIGHEST GUST DIRECTION    SE (120)
  AVERAGE WIND SPEED     3.4


SKY COVER
  AVERAGE SKY COVER 0.0


WEATHER CONDITIONS
 THE FOLLOWING WEATHER WAS RECORDED YESTERDAY.
  FOG
  HAZE


RELATIVE HUMIDITY (PERCENT)
 HIGHEST    96           600 AM
 LOWEST     15           400 PM
 AVERAGE    56

..........................................................


THE ORLANDO INTL CLIMATE NORMALS FOR TODAY
                         NORMAL    RECORD    YEAR
 MAXIMUM TEMPERATURE (F)   83        94      1922
 MINIMUM TEMPERATURE (F)   61        42      1923


SUNRISE AND SUNSET
APRIL 19 2018.........SUNRISE   656 AM EDT   SUNSET   753 PM EDT
APRIL 20 2018.........SUNRISE   655 AM EDT   SUNSET   754 PM EDT


-  INDICATES NEGATIVE NUMBERS.
R  INDICATES RECORD WAS SET OR TIED.
MM INDICATES DATA IS MISSING.
T  INDICATES TRACE AMOUNT.




$$
