000
CDUS41 KCTP 250627
CLIMDT


CLIMATE REPORT
NATIONAL WEATHER SERVICE STATE COLLEGE PA
227 AM EDT WED APR 25 2018


...................................

...THE HARRISBURG PA CLIMATE SUMMARY FOR APRIL 24 2018...

CLIMATE NORMAL PERIOD 1981 TO 2010
CLIMATE RECORD PERIOD 1888 TO 2018


WEATHER ITEM   OBSERVED TIME   RECORD YEAR NORMAL DEPARTURE LAST
                VALUE   (LST)  VALUE       VALUE  FROM      YEAR
                                                  NORMAL
..................................................................
TEMPERATURE (F)
 YESTERDAY
  MAXIMUM         64    109 PM  90    1960  66     -2       61
  MINIMUM         44    233 AM  30    1930  45     -1       46
  AVERAGE         54                        55     -1       54

PRECIPITATION (IN)
  YESTERDAY        0.37          1.74 1983   0.10   0.27     0.03
  MONTH TO DATE    3.13                      2.48   0.65     2.72
  SINCE MAR 1      6.10                      5.85   0.25     7.44
  SINCE JAN 1     15.54                     11.12   4.42    11.82

SNOWFALL (IN)
  YESTERDAY        0.0           T    2015   0.0    0.0      0.0
                                      1927
  MONTH TO DATE    3.9                       0.4    3.5      0.0
  SINCE MAR 1     19.9                       5.6   14.3     18.4
  SINCE JUL 1     38.0                      30.6    7.4     23.9
  SNOW DEPTH       0

DEGREE DAYS
 HEATING
  YESTERDAY       11                        10      1       11
  MONTH TO DATE  431                       338     93      203
  SINCE MAR 1   1244                      1061    183      965
  SINCE JUL 1   4949                      5049   -100     4203

 COOLING
  YESTERDAY        0                         0      0        0
  MONTH TO DATE   12                         0     12        7
  SINCE MAR 1     12                         1     11        7
  SINCE JAN 1     12                         1     11        7
..................................................................


WIND (MPH)
  HIGHEST WIND SPEED    23   HIGHEST WIND DIRECTION    SE (130)
  HIGHEST GUST SPEED    29   HIGHEST GUST DIRECTION    SE (130)
  AVERAGE WIND SPEED    11.4


SKY COVER
  POSSIBLE SUNSHINE  MM
  AVERAGE SKY COVER 0.9


WEATHER CONDITIONS
 THE FOLLOWING WEATHER WAS RECORDED YESTERDAY.
  HEAVY RAIN
  LIGHT RAIN
  FOG


RELATIVE HUMIDITY (PERCENT)
 HIGHEST    96          1100 PM
 LOWEST     48           100 PM
 AVERAGE    72

..........................................................


THE HARRISBURG PA CLIMATE NORMALS FOR TODAY
                         NORMAL    RECORD    YEAR
 MAXIMUM TEMPERATURE (F)   66        93      1915
 MINIMUM TEMPERATURE (F)   45        30      1956


SUNRISE AND SUNSET
APRIL 25 2018.........SUNRISE   615 AM EDT   SUNSET   756 PM EDT
APRIL 26 2018.........SUNRISE   613 AM EDT   SUNSET   757 PM EDT


-  INDICATES NEGATIVE NUMBERS.
R  INDICATES RECORD WAS SET OR TIED.
MM INDICATES DATA IS MISSING.
T  INDICATES TRACE AMOUNT.




$$
