052
CDUS44 KJAN 230704
CLIMEI


CLIMATE REPORT
NATIONAL WEATHER SERVICE JACKSON MS
201 AM CDT MON APR 23 2018


...................................

...THE MERIDIAN CLIMATE SUMMARY FOR APRIL 22 2018...

CLIMATE NORMAL PERIOD 1981 TO 2010
CLIMATE RECORD PERIOD 1889 TO 2018


WEATHER ITEM   OBSERVED TIME   RECORD YEAR NORMAL DEPARTURE LAST
                VALUE   (LST)  VALUE       VALUE  FROM      YEAR
                                                  NORMAL
..................................................................
TEMPERATURE (F)
 YESTERDAY
  MAXIMUM         70    120 PM  91    1955  78     -8       86
  MINIMUM         58   1122 PM  35    1993  51      7       60
  AVERAGE         64                        64      0       73

PRECIPITATION (IN)
  YESTERDAY        1.14          1.68 2017   0.14   1.00     1.68
  MONTH TO DATE    6.04                      3.60   2.44     6.69
  SINCE MAR 1     11.39                      9.02   2.37    12.46
  SINCE JAN 1     23.33                     19.75   3.58    22.03

SNOWFALL (IN)
  YESTERDAY        0.0           0.0    MM   0.0    0.0      0.0
  MONTH TO DATE    0.0                       0.1   -0.1      0.0
  SINCE MAR 1      0.0                       0.3   -0.3      0.0
  SINCE JUL 1      5.3                       0.6    4.7      0.8

DEGREE DAYS
 HEATING
  YESTERDAY        1                         3     -2        0
  MONTH TO DATE  109                       111     -2       22
  SINCE MAR 1    340                       418    -78      212
  SINCE JUL 1   2093                      2515   -422     1340

 COOLING
  YESTERDAY        0                         2     -2        8
  MONTH TO DATE   24                        35    -11      101
  SINCE MAR 1     68                        52     16      175
  SINCE JAN 1    142                        59     83      221
..................................................................


WIND (MPH)
  HIGHEST WIND SPEED    17   HIGHEST WIND DIRECTION     S (170)
  HIGHEST GUST SPEED    25   HIGHEST GUST DIRECTION     S (160)
  AVERAGE WIND SPEED     8.0


SKY COVER
  POSSIBLE SUNSHINE  MM
  AVERAGE SKY COVER 0.8


WEATHER CONDITIONS
 THE FOLLOWING WEATHER WAS RECORDED YESTERDAY.
  HEAVY RAIN
  RAIN
  LIGHT RAIN
  FOG
  HAZE


RELATIVE HUMIDITY (PERCENT)
 HIGHEST    93           800 PM
 LOWEST     68          1200 AM
 AVERAGE    81

..........................................................


THE MERIDIAN CLIMATE NORMALS FOR TODAY
                         NORMAL    RECORD    YEAR
 MAXIMUM TEMPERATURE (F)   78        90      1960
 MINIMUM TEMPERATURE (F)   51        33      1986


SUNRISE AND SUNSET
APRIL 23 2018.........SUNRISE   617 AM CDT   SUNSET   730 PM CDT
APRIL 24 2018.........SUNRISE   616 AM CDT   SUNSET   731 PM CDT


-  INDICATES NEGATIVE NUMBERS.
R  INDICATES RECORD WAS SET OR TIED.
MM INDICATES DATA IS MISSING.
T  INDICATES TRACE AMOUNT.




$$
