000
CDUS41 KCLE 220527
CLIMFD


CLIMATE REPORT
NATIONAL WEATHER SERVICE CLEVELAND OH
126 AM EDT SUN APR 22 2018


...................................

...THE MANSFIELD OH CLIMATE SUMMARY FOR APRIL 21 2018...

CLIMATE NORMAL PERIOD 1981 TO 2010
CLIMATE RECORD PERIOD 1916 TO 2018


WEATHER ITEM   OBSERVED TIME   RECORD YEAR NORMAL DEPARTURE LAST
                VALUE   (LST)  VALUE       VALUE  FROM      YEAR
                                                  NORMAL
..................................................................
TEMPERATURE (F)
 YESTERDAY
  MAXIMUM         56    242 PM  84    1985  62     -6       64
  MINIMUM         28    606 AM  25    1981  40    -12       46
  AVERAGE         42                        51     -9       55

PRECIPITATION (IN)
  YESTERDAY        0.00                      0.13  -0.13     0.00
  MONTH TO DATE    3.67                      2.93   0.74     2.53
  SINCE MAR 1      7.34                      6.32   1.02     6.29
  SINCE JAN 1     14.49                     11.58   2.91    14.15

SNOWFALL (IN)
  YESTERDAY        0.0                       0.0    0.0      0.0
  MONTH TO DATE    5.2                       2.3    2.9      4.3
  SINCE MAR 1     16.3                      10.1    6.2     15.0
  SINCE JUL 1     46.3                      48.0   -1.7     36.6
  SNOW DEPTH       0

DEGREE DAYS
 HEATING
  YESTERDAY       23                        14      9       10
  MONTH TO DATE  500                       379    121      215
  SINCE MAR 1   1465                      1244    221     1037
  SINCE JUL 1   5785                      5869    -84     4707

 COOLING
  YESTERDAY        0                         0      0        0
  MONTH TO DATE    5                         0      5       14
  SINCE MAR 1      5                         1      4       14
  SINCE JAN 1      6                         1      5       14
..................................................................


WIND (MPH)
  HIGHEST WIND SPEED    12   HIGHEST WIND DIRECTION     N (350)
  HIGHEST GUST SPEED    19   HIGHEST GUST DIRECTION     E (80)
  AVERAGE WIND SPEED     4.6


SKY COVER
  POSSIBLE SUNSHINE  MM
  AVERAGE SKY COVER 0.2


WEATHER CONDITIONS
 THE FOLLOWING WEATHER WAS RECORDED YESTERDAY.
  NO SIGNIFICANT WEATHER WAS OBSERVED.


RELATIVE HUMIDITY (PERCENT)
 HIGHEST    75           700 AM
 LOWEST     22           300 PM
 AVERAGE    49

..........................................................


THE MANSFIELD OH CLIMATE NORMALS FOR TODAY
                         NORMAL    RECORD    YEAR
 MAXIMUM TEMPERATURE (F)   62        84      1985
 MINIMUM TEMPERATURE (F)   40        23      1922


SUNRISE AND SUNSET
APRIL 22 2018.........SUNRISE   641 AM EDT   SUNSET   817 PM EDT
APRIL 23 2018.........SUNRISE   639 AM EDT   SUNSET   818 PM EDT


-  INDICATES NEGATIVE NUMBERS.
R  INDICATES RECORD WAS SET OR TIED.
MM INDICATES DATA IS MISSING.
T  INDICATES TRACE AMOUNT.




$$
