000
CDUS44 KBRO 230627
CLIMFE


CLIMATE REPORT
NATIONAL WEATHER SERVICE BROWNSVILLE TX
126 AM CDT MON APR 23 2018


...................................

...THE MCALLEN CLIMATE SUMMARY FOR APRIL 22 2018...

CLIMATE NORMAL PERIOD 1981 TO 2010
CLIMATE RECORD PERIOD 1961 TO 2018


WEATHER ITEM   OBSERVED TIME   RECORD YEAR NORMAL DEPARTURE LAST
                VALUE   (LST)  VALUE       VALUE  FROM      YEAR
                                                  NORMAL
..................................................................
TEMPERATURE (F)
 YESTERDAY
  MAXIMUM         90    320 PM 100    1983  88      2       96
  MINIMUM         68   1139 PM  52    1982  67      1       73
  AVERAGE         79                        78      1

PRECIPITATION (IN)
  YESTERDAY        0.00          0.22 1982   0.05  -0.05      T
  MONTH TO DATE    1.01                      0.86   0.15     0.73
  SINCE MAR 1      1.12                      1.89  -0.77     3.25
  SINCE JAN 1      2.32                      4.05  -1.73     4.88

SNOWFALL (IN)
  YESTERDAY        0.0
  MONTH TO DATE    0.0
  SINCE MAR 1      0.0
  SINCE JUL 1      0.3
  SNOW DEPTH       0

DEGREE DAYS
 HEATING
  YESTERDAY        0                         0      0        0
  MONTH TO DATE    0                         3     -3        0
  SINCE MAR 1      0                        41    -41        1
  SINCE JUL 1    550                       574    -24      189

 COOLING
  YESTERDAY       14                        13      1       20
  MONTH TO DATE  267                       247     20      343
  SINCE MAR 1    641                       465    176      704
  SINCE JAN 1    907                       624    283     1185
..................................................................


WIND (MPH)
  HIGHEST WIND SPEED    18   HIGHEST WIND DIRECTION     N (10)
  HIGHEST GUST SPEED    24   HIGHEST GUST DIRECTION     N (10)
  AVERAGE WIND SPEED     8.0



WEATHER CONDITIONS
 THE FOLLOWING WEATHER WAS RECORDED YESTERDAY.
  FOG


RELATIVE HUMIDITY (PERCENT)
 HIGHEST    94
 LOWEST     46
 AVERAGE    70

..........................................................


THE MCALLEN CLIMATE NORMALS FOR TODAY
                         NORMAL    RECORD    YEAR
 MAXIMUM TEMPERATURE (F)   88       103      1988
 MINIMUM TEMPERATURE (F)   68        52      1982


SUNRISE AND SUNSET
APRIL 23 2018.........SUNRISE   702 AM CDT   SUNSET   801 PM CDT
APRIL 24 2018.........SUNRISE   701 AM CDT   SUNSET   801 PM CDT


-  INDICATES NEGATIVE NUMBERS.
R  INDICATES RECORD WAS SET OR TIED.
MM INDICATES DATA IS MISSING.
T  INDICATES TRACE AMOUNT.




$$
