000
CDUS44 KBMX 230825
CLIMGM


CLIMATE REPORT
NATIONAL WEATHER SERVICE BIRMINGHAM, AL
324 AM CDT MON APR 23 2018


...................................

...THE MONTGOMERY CLIMATE SUMMARY FOR APRIL 22 2018...

CLIMATE NORMAL PERIOD 1981 TO 2010
CLIMATE RECORD PERIOD 1872 TO 2018


WEATHER ITEM   OBSERVED TIME   RECORD YEAR NORMAL DEPARTURE LAST
                VALUE   (LST)  VALUE       VALUE  FROM      YEAR
                                                  NORMAL
..................................................................
TEMPERATURE (F)
 YESTERDAY
  MAXIMUM         70    806 PM  91    1987  78     -8       86
  MINIMUM         63   1058 PM  38    1993  53     10       60
  AVERAGE         67                        66      1       73

PRECIPITATION (IN)
  YESTERDAY        1.28          3.36 1928   0.12   1.16     0.01
  MONTH TO DATE    3.35                      3.14   0.21     1.45
  SINCE MAR 1      6.53                      9.09  -2.56     5.17
  SINCE JAN 1     15.52                     19.02  -3.50    19.87

SNOWFALL (IN)
  YESTERDAY        0.0                       0.0    0.0      0.0
  MONTH TO DATE    0.0                       0.0    0.0      0.0
  SINCE MAR 1      0.0                       0.3   -0.3      0.0
  SINCE JUL 1      T                         0.4   -0.4      0.0
  SNOW DEPTH       0

DEGREE DAYS
 HEATING
  YESTERDAY        0                         2     -2        0
  MONTH TO DATE   99                        85     14       23
  SINCE MAR 1    347                       340      7      192
  SINCE JUL 1   2026                      2212   -186     1189

 COOLING
  YESTERDAY        2                         3     -1        8
  MONTH TO DATE   25                        44    -19      124
  SINCE MAR 1     62                        67     -5      205
  SINCE JAN 1    127                        73     54      251
..................................................................


WIND (MPH)
  HIGHEST WIND SPEED    20   HIGHEST WIND DIRECTION     E (100)
  HIGHEST GUST SPEED    25   HIGHEST GUST DIRECTION     E (110)
  AVERAGE WIND SPEED    11.5


SKY COVER
  AVERAGE SKY COVER 1.0


WEATHER CONDITIONS
 THE FOLLOWING WEATHER WAS RECORDED YESTERDAY.
  HEAVY RAIN
  RAIN
  LIGHT RAIN
  FOG


RELATIVE HUMIDITY (PERCENT)
 HIGHEST    93           200 PM
 LOWEST     78          1000 AM
 AVERAGE    86

..........................................................


THE MONTGOMERY CLIMATE NORMALS FOR TODAY
                         NORMAL    RECORD    YEAR
 MAXIMUM TEMPERATURE (F)   78        90      1896
 MINIMUM TEMPERATURE (F)   54        36      1993


SUNRISE AND SUNSET
APRIL 23 2018.........SUNRISE   607 AM CDT   SUNSET   721 PM CDT
APRIL 24 2018.........SUNRISE   606 AM CDT   SUNSET   722 PM CDT


-  INDICATES NEGATIVE NUMBERS.
R  INDICATES RECORD WAS SET OR TIED.
MM INDICATES DATA IS MISSING.
T  INDICATES TRACE AMOUNT.




$$
